Last updated on 2025-10-24 07:49:51 CEST.
| Flavor | Version | Tinstall | Tcheck | Ttotal | Status | Flags |
|---|---|---|---|---|---|---|
| r-devel-linux-x86_64-debian-clang | 0.1.4 | 77.90 | 160.28 | 238.18 | OK | |
| r-devel-linux-x86_64-debian-gcc | 0.1.4 | 45.74 | 113.35 | 159.09 | OK | |
| r-devel-linux-x86_64-fedora-clang | 0.1.4 | 145.00 | 216.99 | 361.99 | OK | |
| r-devel-linux-x86_64-fedora-gcc | 0.1.4 | 127.00 | 200.20 | 327.20 | OK | |
| r-devel-windows-x86_64 | 0.1.4 | 66.00 | 149.00 | 215.00 | OK | |
| r-patched-linux-x86_64 | 0.1.4 | 62.73 | 140.68 | 203.41 | OK | |
| r-release-linux-x86_64 | 0.1.4 | 61.50 | 144.63 | 206.13 | OK | |
| r-release-macos-arm64 | 0.1.4 | 32.00 | 103.00 | 135.00 | OK | |
| r-release-macos-x86_64 | 0.1.4 | 44.00 | 129.00 | 173.00 | OK | |
| r-release-windows-x86_64 | 0.1.4 | 64.00 | 150.00 | 214.00 | OK | |
| r-oldrel-macos-arm64 | 0.1.4 | 23.00 | 76.00 | 99.00 | NOTE | |
| r-oldrel-macos-x86_64 | 0.1.4 | 48.00 | 147.00 | 195.00 | NOTE | |
| r-oldrel-windows-x86_64 | 0.1.4 | 80.00 | 196.00 | 276.00 | OK |
Version: 0.1.4
Check: installed package size
Result: NOTE
installed size is 9.1Mb
sub-directories of 1Mb or more:
data 3.0Mb
libs 5.5Mb
Flavors: r-oldrel-macos-arm64, r-oldrel-macos-x86_64