CRAN Package Check Results for Package iGasso

Last updated on 2025-04-29 06:49:45 CEST.

Flavor Version Tinstall Tcheck Ttotal Status Flags
r-devel-linux-x86_64-debian-clang 1.6.1 2.81 25.40 28.21 OK
r-devel-linux-x86_64-debian-gcc 1.6.1 2.02 20.21 22.23 NOTE
r-devel-linux-x86_64-fedora-clang 1.6.1 44.76 OK
r-devel-linux-x86_64-fedora-gcc 1.6.1 42.96 OK
r-devel-windows-x86_64 1.6.1 5.00 47.00 52.00 OK
r-patched-linux-x86_64 1.6.1 3.15 24.82 27.97 OK
r-release-linux-x86_64 1.6.1 2.85 24.78 27.63 OK
r-release-macos-arm64 1.6.1 17.00 OK
r-release-macos-x86_64 1.6.1 28.00 OK
r-release-windows-x86_64 1.6.1 4.00 47.00 51.00 OK
r-oldrel-macos-arm64 1.6.1 18.00 OK
r-oldrel-macos-x86_64 1.6.1 24.00 OK
r-oldrel-windows-x86_64 1.6.1 5.00 52.00 57.00 OK

Check Details

Version: 1.6.1
Check: CRAN incoming feasibility
Result: NOTE Maintainer: ‘Kai Wang <kai-wang@uiowa.edu>’ No Authors@R field in DESCRIPTION. Please add one, modifying Authors@R: c(person(given = c("Dr.", "Kai"), family = "Wang", role = "aut"), person(given = "Kai", family = "Wang", role = "cre", email = "kai-wang@uiowa.edu")) as necessary. Flavor: r-devel-linux-x86_64-debian-gcc