Last updated on 2025-11-02 19:51:57 CET.
| Flavor | Version | Tinstall | Tcheck | Ttotal | Status | Flags |
|---|---|---|---|---|---|---|
| r-devel-linux-x86_64-debian-clang | 1.0.2 | 42.50 | 334.04 | 376.54 | OK | |
| r-devel-linux-x86_64-debian-gcc | 1.0.2 | 31.89 | 209.24 | 241.13 | OK | |
| r-devel-linux-x86_64-fedora-clang | 1.0.2 | 195.00 | 427.63 | 622.63 | NOTE | |
| r-devel-linux-x86_64-fedora-gcc | 1.0.2 | 104.00 | 442.99 | 546.99 | NOTE | |
| r-devel-windows-x86_64 | 1.0.2 | 37.00 | 258.00 | 295.00 | OK | |
| r-patched-linux-x86_64 | 1.0.2 | 40.69 | 312.34 | 353.03 | OK | |
| r-release-linux-x86_64 | 1.0.2 | 44.35 | 312.40 | 356.75 | OK | |
| r-release-macos-arm64 | 1.0.2 | 16.00 | 109.00 | 125.00 | OK | |
| r-release-macos-x86_64 | 1.0.2 | 32.00 | 208.00 | 240.00 | OK | |
| r-release-windows-x86_64 | 1.0.2 | 37.00 | 245.00 | 282.00 | OK | |
| r-oldrel-macos-arm64 | 1.0.2 | 16.00 | 104.00 | 120.00 | OK | |
| r-oldrel-macos-x86_64 | 1.0.2 | 27.00 | 165.00 | 192.00 | OK | |
| r-oldrel-windows-x86_64 | 1.0.2 | 55.00 | 348.00 | 403.00 | OK |
Version: 1.0.2
Check: dependencies in R code
Result: NOTE
Namespace in Imports field not imported from: ‘methods’
All declared Imports should be used.
Flavors: r-devel-linux-x86_64-fedora-clang, r-devel-linux-x86_64-fedora-gcc