Last updated on 2024-06-04 18:47:51 CEST.
Flavor | Version | Tinstall | Tcheck | Ttotal | Status | Flags |
---|---|---|---|---|---|---|
r-devel-linux-x86_64-debian-clang | 1.0.1 | 2.12 | 100.39 | 102.51 | OK | |
r-devel-linux-x86_64-debian-gcc | 1.0.1 | 1.65 | 75.11 | 76.76 | OK | |
r-devel-linux-x86_64-fedora-clang | 1.0.1 | 131.47 | NOTE | |||
r-devel-linux-x86_64-fedora-gcc | 1.0.1 | 136.97 | NOTE | |||
r-devel-windows-x86_64 | 1.0.1 | 6.00 | 166.00 | 172.00 | OK | |
r-patched-linux-x86_64 | 1.0.0 | 2.36 | 45.77 | 48.13 | OK | |
r-release-linux-x86_64 | 1.0.1 | 1.86 | 97.59 | 99.45 | OK | |
r-release-macos-arm64 | 1.0.0 | 48.00 | OK | |||
r-release-windows-x86_64 | 1.0.1 | 5.00 | 159.00 | 164.00 | OK | |
r-oldrel-macos-arm64 | 1.0.0 | 56.00 | OK | |||
r-oldrel-macos-x86_64 | 0.9.99 | 35.00 | OK | |||
r-oldrel-windows-x86_64 | 1.0.1 | 7.00 | 159.00 | 166.00 | OK |
Version: 1.0.1
Check: data for non-ASCII characters
Result: NOTE
Note: found 41 marked UTF-8 strings
Flavors: r-devel-linux-x86_64-fedora-clang, r-devel-linux-x86_64-fedora-gcc