CRAN Package Check Results for Package impactflu

Last updated on 2025-11-10 07:49:15 CET.

Flavor Version Tinstall Tcheck Ttotal Status Flags
r-devel-linux-x86_64-debian-clang 0.1.0 18.74 46.12 64.86 OK
r-devel-linux-x86_64-debian-gcc 0.1.0 14.57 34.96 49.53 OK
r-devel-linux-x86_64-fedora-clang 0.1.0 100.00 11.79 111.79 OK
r-devel-linux-x86_64-fedora-gcc 0.1.0 40.00 54.67 94.67 OK
r-devel-windows-x86_64 0.1.0 26.00 75.00 101.00 OK
r-patched-linux-x86_64 0.1.0 20.84 42.61 63.45 OK
r-release-linux-x86_64 0.1.0 21.52 42.26 63.78 OK
r-release-macos-arm64 0.1.0 9.00 26.00 35.00 OK
r-release-macos-x86_64 0.1.0 12.00 44.00 56.00 OK
r-release-windows-x86_64 0.1.0 26.00 75.00 101.00 OK
r-oldrel-macos-arm64 0.1.0 9.00 22.00 31.00 NOTE
r-oldrel-macos-x86_64 0.1.0 10.00 37.00 47.00 NOTE
r-oldrel-windows-x86_64 0.1.0 32.00 89.00 121.00 NOTE

Check Details

Version: 0.1.0
Check: LazyData
Result: NOTE 'LazyData' is specified without a 'data' directory Flavors: r-oldrel-macos-arm64, r-oldrel-macos-x86_64, r-oldrel-windows-x86_64