Last updated on 2025-02-22 07:51:33 CET.
Flavor | Version | Tinstall | Tcheck | Ttotal | Status | Flags |
---|---|---|---|---|---|---|
r-devel-linux-x86_64-debian-clang | 1.4.2 | 8.98 | 63.53 | 72.51 | NOTE | |
r-devel-linux-x86_64-debian-gcc | 1.4.2 | 5.62 | 44.96 | 50.58 | NOTE | |
r-devel-linux-x86_64-fedora-clang | 1.4.2 | 114.87 | OK | |||
r-devel-linux-x86_64-fedora-gcc | 1.4.2 | 122.11 | OK | |||
r-devel-macos-arm64 | 1.4.2 | 42.00 | OK | |||
r-devel-macos-x86_64 | 1.4.2 | 82.00 | OK | |||
r-devel-windows-x86_64 | 1.4.2 | 11.00 | 86.00 | 97.00 | NOTE | |
r-patched-linux-x86_64 | 1.4.2 | 12.22 | 61.44 | 73.66 | OK | |
r-release-linux-x86_64 | 1.4.2 | 8.75 | 62.00 | 70.75 | OK | |
r-release-macos-arm64 | 1.4.2 | 37.00 | OK | |||
r-release-macos-x86_64 | 1.4.2 | 59.00 | OK | |||
r-release-windows-x86_64 | 1.4.2 | 11.00 | 85.00 | 96.00 | OK | |
r-oldrel-macos-arm64 | 1.4.2 | 37.00 | OK | |||
r-oldrel-macos-x86_64 | 1.4.2 | 56.00 | OK | |||
r-oldrel-windows-x86_64 | 1.4.2 | 12.00 | 98.00 | 110.00 | OK |
Version: 1.4.2
Check: Rd cross-references
Result: NOTE
Found the following Rd file(s) with Rd \link{} targets missing package
anchors:
manipulate.Rd: ape
purge.Rd: kmer
Please provide package anchors for all Rd \link{} targets not in the
package itself and the base packages.
Flavors: r-devel-linux-x86_64-debian-clang, r-devel-linux-x86_64-debian-gcc, r-devel-windows-x86_64