Last updated on 2025-04-16 18:50:07 CEST.
Flavor | Version | Tinstall | Tcheck | Ttotal | Status | Flags |
---|---|---|---|---|---|---|
r-devel-linux-x86_64-debian-clang | 0.7.4 | 59.36 | 81.24 | 140.60 | OK | |
r-devel-linux-x86_64-debian-gcc | 0.7.4 | 46.84 | 61.86 | 108.70 | OK | |
r-devel-linux-x86_64-fedora-clang | 0.7.4 | 244.87 | OK | |||
r-devel-linux-x86_64-fedora-gcc | 0.7.4 | 262.48 | OK | |||
r-devel-windows-x86_64 | 0.7.4 | 69.00 | 110.00 | 179.00 | OK | |
r-patched-linux-x86_64 | 0.7.4 | 65.55 | 84.76 | 150.31 | OK | |
r-release-linux-x86_64 | 0.7.4 | 65.37 | 83.50 | 148.87 | OK | |
r-release-macos-arm64 | 0.7.4 | 92.00 | OK | |||
r-release-macos-x86_64 | 0.7.4 | 103.00 | OK | |||
r-release-windows-x86_64 | 0.7.4 | 71.00 | 113.00 | 184.00 | OK | |
r-oldrel-macos-arm64 | 0.7.4 | 71.00 | NOTE | |||
r-oldrel-macos-x86_64 | 0.7.4 | 93.00 | NOTE | |||
r-oldrel-windows-x86_64 | 0.7.4 | 80.00 | 143.00 | 223.00 | OK |
Version: 0.7.4
Check: installed package size
Result: NOTE
installed size is 13.5Mb
sub-directories of 1Mb or more:
libs 12.2Mb
Flavors: r-oldrel-macos-arm64, r-oldrel-macos-x86_64