Last updated on 2025-02-21 06:49:43 CET.
Flavor | Version | Tinstall | Tcheck | Ttotal | Status | Flags |
---|---|---|---|---|---|---|
r-devel-linux-x86_64-debian-clang | 1.1.7 | 327.74 | 325.69 | 653.43 | OK | |
r-devel-linux-x86_64-debian-gcc | 1.1.7 | 208.11 | 239.67 | 447.78 | OK | |
r-devel-linux-x86_64-fedora-clang | 1.1.7 | 962.94 | NOTE | |||
r-devel-linux-x86_64-fedora-gcc | 1.1.7 | 1023.82 | NOTE | |||
r-devel-macos-arm64 | 1.1.7 | 237.00 | OK | |||
r-devel-macos-x86_64 | 1.1.7 | 523.00 | OK | |||
r-devel-windows-x86_64 | 1.1.7 | 222.00 | 324.00 | 546.00 | OK | |
r-patched-linux-x86_64 | 1.1.7 | 268.13 | 331.00 | 599.13 | NOTE | |
r-release-linux-x86_64 | 1.1.7 | 269.24 | 314.60 | 583.84 | NOTE | |
r-release-macos-arm64 | 1.1.7 | 135.00 | NOTE | |||
r-release-macos-x86_64 | 1.1.7 | 251.00 | NOTE | |||
r-release-windows-x86_64 | 1.1.7 | 224.00 | 317.00 | 541.00 | NOTE | |
r-oldrel-macos-arm64 | 1.1.7 | 278.00 | NOTE | |||
r-oldrel-macos-x86_64 | 1.1.7 | 355.00 | NOTE | |||
r-oldrel-windows-x86_64 | 1.1.7 | 299.00 | 390.00 | 689.00 | NOTE |
Version: 1.1.7
Check: dependencies in R code
Result: NOTE
Namespace in Imports field not imported from: ‘rstantools’
All declared Imports should be used.
Flavors: r-devel-linux-x86_64-fedora-clang, r-devel-linux-x86_64-fedora-gcc
Version: 1.1.7
Check: for GNU extensions in Makefiles
Result: NOTE
GNU make is a SystemRequirements.
Flavors: r-patched-linux-x86_64, r-release-linux-x86_64, r-release-macos-arm64, r-release-macos-x86_64, r-release-windows-x86_64, r-oldrel-macos-arm64, r-oldrel-macos-x86_64, r-oldrel-windows-x86_64
Version: 1.1.7
Check: installed package size
Result: NOTE
installed size is 93.5Mb
sub-directories of 1Mb or more:
data 2.0Mb
doc 2.3Mb
libs 88.2Mb
Flavors: r-release-macos-arm64, r-release-macos-x86_64, r-release-windows-x86_64, r-oldrel-macos-arm64, r-oldrel-macos-x86_64, r-oldrel-windows-x86_64