Last updated on 2025-02-21 19:50:29 CET.
Flavor | Version | Tinstall | Tcheck | Ttotal | Status | Flags |
---|---|---|---|---|---|---|
r-devel-linux-x86_64-debian-clang | 0.6.1-4 | 124.81 | 51.20 | 176.01 | OK | |
r-devel-linux-x86_64-debian-gcc | 0.6.1-4 | 106.38 | 38.27 | 144.65 | OK | |
r-devel-linux-x86_64-fedora-clang | 0.6.1-4 | 334.49 | OK | |||
r-devel-linux-x86_64-fedora-gcc | 0.6.1-4 | 383.17 | OK | |||
r-devel-macos-arm64 | 0.6.1-4 | 76.00 | OK | |||
r-devel-macos-x86_64 | 0.6.1-4 | 121.00 | OK | |||
r-devel-windows-x86_64 | 0.6.1-4 | 112.00 | 102.00 | 214.00 | OK | |
r-patched-linux-x86_64 | 0.6.1-4 | 153.17 | 49.32 | 202.49 | OK | |
r-release-linux-x86_64 | 0.6.1-4 | 146.80 | 45.99 | 192.79 | OK | |
r-release-macos-arm64 | 0.6.1-4 | 70.00 | NOTE | |||
r-release-macos-x86_64 | 0.6.1-4 | 211.00 | NOTE | |||
r-release-windows-x86_64 | 0.6.1-4 | 115.00 | 91.00 | 206.00 | OK | |
r-oldrel-macos-arm64 | 0.6.1-4 | 85.00 | NOTE | |||
r-oldrel-macos-x86_64 | 0.6.1-4 | 208.00 | NOTE | |||
r-oldrel-windows-x86_64 | 0.6.1-4 | 108.00 | 104.00 | 212.00 | OK |
Version: 0.6.1-4
Check: installed package size
Result: NOTE
installed size is 15.5Mb
sub-directories of 1Mb or more:
doc 1.6Mb
libs 13.6Mb
Flavors: r-release-macos-arm64, r-release-macos-x86_64, r-oldrel-macos-arm64, r-oldrel-macos-x86_64