Last updated on 2025-10-30 17:50:03 CET.
| Flavor | Version | Tinstall | Tcheck | Ttotal | Status | Flags | 
|---|---|---|---|---|---|---|
| r-devel-linux-x86_64-debian-clang | 1.2.2 | 43.32 | 33.32 | 76.64 | NOTE | |
| r-devel-linux-x86_64-debian-gcc | 1.2.2 | 33.76 | 26.64 | 60.40 | NOTE | |
| r-devel-linux-x86_64-fedora-clang | 1.2.2 | 143.00 | -6.44 | 136.56 | NOTE | |
| r-devel-linux-x86_64-fedora-gcc | 1.2.2 | 54.00 | 93.12 | 147.12 | NOTE | |
| r-devel-windows-x86_64 | 1.2.2 | 53.00 | 72.00 | 125.00 | NOTE | |
| r-patched-linux-x86_64 | 1.2.2 | 42.25 | 30.84 | 73.09 | NOTE | |
| r-release-linux-x86_64 | 1.2.2 | 46.90 | 30.53 | 77.43 | NOTE | |
| r-release-macos-arm64 | 1.2.2 | 19.00 | 35.00 | 54.00 | NOTE | |
| r-release-macos-x86_64 | 1.2.2 | 18.00 | 61.00 | 79.00 | NOTE | |
| r-release-windows-x86_64 | 1.2.2 | 56.00 | 71.00 | 127.00 | NOTE | |
| r-oldrel-macos-arm64 | 1.2.2 | 20.00 | 25.00 | 45.00 | NOTE | |
| r-oldrel-macos-x86_64 | 1.2.2 | 25.00 | 47.00 | 72.00 | NOTE | |
| r-oldrel-windows-x86_64 | 1.2.2 | 59.00 | 90.00 | 149.00 | NOTE | 
Version: 1.2.2
Check: C++ specification
Result: NOTE
    Specified C++11: please drop specification unless essential
Flavors: r-devel-linux-x86_64-debian-clang, r-devel-linux-x86_64-debian-gcc, r-devel-linux-x86_64-fedora-clang, r-devel-linux-x86_64-fedora-gcc, r-devel-windows-x86_64, r-patched-linux-x86_64, r-release-linux-x86_64, r-release-macos-arm64, r-release-macos-x86_64, r-release-windows-x86_64, r-oldrel-macos-arm64, r-oldrel-macos-x86_64, r-oldrel-windows-x86_64
Version: 1.2.2
Check: installed package size
Result: NOTE
    installed size is  5.3Mb
    sub-directories of 1Mb or more:
      doc    1.2Mb
      libs   3.9Mb
Flavors: r-oldrel-macos-arm64, r-oldrel-macos-x86_64