Last updated on 2025-11-03 21:50:25 CET.
| Flavor | Version | Tinstall | Tcheck | Ttotal | Status | Flags | 
|---|---|---|---|---|---|---|
| r-devel-linux-x86_64-debian-clang | 1.2 | 17.16 | 55.43 | 72.59 | NOTE | |
| r-devel-linux-x86_64-debian-gcc | 1.2 | 11.66 | 37.40 | 49.06 | NOTE | |
| r-devel-linux-x86_64-fedora-clang | 1.2 | 96.00 | 30.62 | 126.62 | OK | |
| r-devel-linux-x86_64-fedora-gcc | 1.2 | 30.00 | 75.29 | 105.29 | OK | |
| r-devel-windows-x86_64 | 1.2 | 14.00 | 57.00 | 71.00 | OK | |
| r-patched-linux-x86_64 | 1.2 | 16.98 | 51.60 | 68.58 | OK | |
| r-release-linux-x86_64 | 1.2 | 15.57 | 51.50 | 67.07 | OK | |
| r-release-macos-arm64 | 1.2 | 6.00 | 21.00 | 27.00 | OK | |
| r-release-macos-x86_64 | 1.2 | 13.00 | 42.00 | 55.00 | OK | |
| r-release-windows-x86_64 | 1.2 | 16.00 | 56.00 | 72.00 | OK | |
| r-oldrel-macos-arm64 | 1.2 | 6.00 | 20.00 | 26.00 | OK | |
| r-oldrel-macos-x86_64 | 1.2 | 16.00 | 33.00 | 49.00 | OK | |
| r-oldrel-windows-x86_64 | 1.2 | 16.00 | 57.00 | 73.00 | OK | 
Version: 1.2
Check: CRAN incoming feasibility
Result: NOTE
  Maintainer: ‘Michael A Rotondi <mrotondi@yorku.ca>’
  
  No Authors@R field in DESCRIPTION.
  Please add one, modifying
    Authors@R: person(given = c("Michael", "A"),
                      family = "Rotondi",
                      role = c("aut", "cre"),
                      email = "mrotondi@yorku.ca")
  as necessary.
Flavors: r-devel-linux-x86_64-debian-clang, r-devel-linux-x86_64-debian-gcc