Last updated on 2025-10-22 07:50:20 CEST.
Flavor | Version | Tinstall | Tcheck | Ttotal | Status | Flags |
---|---|---|---|---|---|---|
r-devel-linux-x86_64-debian-clang | 0.1.1 | 11.21 | 23.10 | 34.31 | NOTE | |
r-devel-linux-x86_64-debian-gcc | 0.1.1 | 10.04 | 18.54 | 28.58 | NOTE | |
r-devel-linux-x86_64-fedora-clang | 0.1.1 | 72.00 | -10.77 | 61.23 | OK | |
r-devel-linux-x86_64-fedora-gcc | 0.1.1 | 33.00 | 21.83 | 54.83 | OK | |
r-devel-windows-x86_64 | 0.1.1 | 16.00 | 69.00 | 85.00 | OK | |
r-patched-linux-x86_64 | 0.1.1 | 13.22 | 21.63 | 34.85 | OK | |
r-release-linux-x86_64 | 0.1.1 | 12.59 | 21.68 | 34.27 | OK | |
r-release-macos-arm64 | 0.1.1 | 6.00 | 18.00 | 24.00 | OK | |
r-release-macos-x86_64 | 0.1.1 | 9.00 | 26.00 | 35.00 | OK | |
r-release-windows-x86_64 | 0.1.1 | 16.00 | 70.00 | 86.00 | OK | |
r-oldrel-macos-arm64 | 0.1.1 | 7.00 | 15.00 | 22.00 | OK | |
r-oldrel-macos-x86_64 | 0.1.1 | 7.00 | 22.00 | 29.00 | OK | |
r-oldrel-windows-x86_64 | 0.1.1 | 19.00 | 77.00 | 96.00 | OK |
Version: 0.1.1
Check: CRAN incoming feasibility
Result: NOTE
Maintainer: ‘Thoralf Mildenberger <mild@zhaw.ch>’
The Description field contains
<arXiv:2308.13383>.
Please refer to arXiv e-prints via their arXiv DOI <doi:10.48550/arXiv.YYMM.NNNNN>.
Flavors: r-devel-linux-x86_64-debian-clang, r-devel-linux-x86_64-debian-gcc