CRAN Package Check Results for Package knn.covertree

Last updated on 2025-10-22 21:50:07 CEST.

Flavor Version Tinstall Tcheck Ttotal Status Flags
r-devel-linux-x86_64-debian-clang 1.0 25.14 58.05 83.19 NOTE
r-devel-linux-x86_64-debian-gcc 1.0 17.86 44.41 62.27 NOTE
r-devel-linux-x86_64-fedora-clang 1.0 233.00 -84.52 148.48 NOTE
r-devel-linux-x86_64-fedora-gcc 1.0 53.00 71.46 124.46 NOTE
r-devel-windows-x86_64 1.0 30.00 82.00 112.00 NOTE
r-patched-linux-x86_64 1.0 26.27 54.49 80.76 NOTE
r-release-linux-x86_64 1.0 24.44 54.90 79.34 NOTE
r-release-macos-arm64 1.0 12.00 28.00 40.00 NOTE
r-release-macos-x86_64 1.0 15.00 50.00 65.00 NOTE
r-release-windows-x86_64 1.0 31.00 81.00 112.00 NOTE
r-oldrel-macos-arm64 1.0 12.00 27.00 39.00 NOTE
r-oldrel-macos-x86_64 1.0 15.00 44.00 59.00 NOTE
r-oldrel-windows-x86_64 1.0 37.00 104.00 141.00 NOTE

Check Details

Version: 1.0
Check: C++ specification
Result: NOTE Specified C++11: please drop specification unless essential Flavors: r-devel-linux-x86_64-debian-clang, r-devel-linux-x86_64-debian-gcc, r-devel-linux-x86_64-fedora-clang, r-devel-linux-x86_64-fedora-gcc, r-devel-windows-x86_64, r-patched-linux-x86_64, r-release-linux-x86_64, r-release-macos-arm64, r-release-macos-x86_64, r-release-windows-x86_64, r-oldrel-macos-arm64, r-oldrel-macos-x86_64, r-oldrel-windows-x86_64