Last updated on 2025-11-03 21:50:25 CET.
| Flavor | Version | Tinstall | Tcheck | Ttotal | Status | Flags | 
|---|---|---|---|---|---|---|
| r-devel-linux-x86_64-debian-clang | 0.0.1 | 6.89 | 60.44 | 67.33 | NOTE | |
| r-devel-linux-x86_64-debian-gcc | 0.0.1 | 4.97 | 44.85 | 49.82 | NOTE | |
| r-devel-linux-x86_64-fedora-clang | 0.0.1 | 27.00 | 79.13 | 106.13 | OK | |
| r-devel-linux-x86_64-fedora-gcc | 0.0.1 | 14.00 | 81.56 | 95.56 | OK | |
| r-devel-windows-x86_64 | 0.0.1 | 7.00 | 68.00 | 75.00 | OK | |
| r-patched-linux-x86_64 | 0.0.1 | 6.93 | 57.72 | 64.65 | OK | |
| r-release-linux-x86_64 | 0.0.1 | 6.97 | 57.45 | 64.42 | OK | |
| r-release-macos-arm64 | 0.0.1 | 3.00 | 25.00 | 28.00 | OK | |
| r-release-macos-x86_64 | 0.0.1 | 7.00 | 48.00 | 55.00 | OK | |
| r-release-windows-x86_64 | 0.0.1 | 7.00 | 69.00 | 76.00 | OK | |
| r-oldrel-macos-arm64 | 0.0.1 | 3.00 | 28.00 | 31.00 | NOTE | |
| r-oldrel-macos-x86_64 | 0.0.1 | 5.00 | 41.00 | 46.00 | NOTE | |
| r-oldrel-windows-x86_64 | 0.0.1 | 12.00 | 84.00 | 96.00 | NOTE | 
Version: 0.0.1
Check: CRAN incoming feasibility
Result: NOTE
  Maintainer: ‘Clemence Karmann <clemence.karmann@gmail.com>’
  
  The Description field contains
    (2019) <arXiv:1907.03153>.
  Please refer to arXiv e-prints via their arXiv DOI <doi:10.48550/arXiv.YYMM.NNNNN>.
Flavors: r-devel-linux-x86_64-debian-clang, r-devel-linux-x86_64-debian-gcc
Version: 0.0.1
Check: LazyData
Result: NOTE
    'LazyData' is specified without a 'data' directory
Flavors: r-oldrel-macos-arm64, r-oldrel-macos-x86_64, r-oldrel-windows-x86_64