Last updated on 2025-04-29 06:49:46 CEST.
Flavor | Version | Tinstall | Tcheck | Ttotal | Status | Flags |
---|---|---|---|---|---|---|
r-devel-linux-x86_64-debian-clang | 0.1.1 | 2.76 | 20.47 | 23.23 | NOTE | |
r-devel-linux-x86_64-debian-gcc | 0.1.1 | 1.87 | 16.52 | 18.39 | NOTE | |
r-devel-linux-x86_64-fedora-clang | 0.1.1 | 35.81 | OK | |||
r-devel-linux-x86_64-fedora-gcc | 0.1.1 | 34.19 | OK | |||
r-devel-windows-x86_64 | 0.1.1 | 6.00 | 46.00 | 52.00 | NOTE | |
r-patched-linux-x86_64 | 0.1.1 | 2.48 | 19.94 | 22.42 | NOTE | |
r-release-linux-x86_64 | 0.1.1 | 2.58 | 19.93 | 22.51 | NOTE | |
r-release-macos-arm64 | 0.1.1 | 19.00 | OK | |||
r-release-macos-x86_64 | 0.1.1 | 27.00 | OK | |||
r-release-windows-x86_64 | 0.1.1 | 5.00 | 46.00 | 51.00 | NOTE | |
r-oldrel-macos-arm64 | 0.1.1 | 18.00 | OK | |||
r-oldrel-macos-x86_64 | 0.1.1 | 23.00 | OK | |||
r-oldrel-windows-x86_64 | 0.1.1 | 5.00 | 45.00 | 50.00 | OK |
Version: 0.1.1
Check: Rd cross-references
Result: NOTE
Found the following Rd file(s) with Rd \link{} targets missing package
anchors:
lacm.Rd: gauss.quad
Please provide package anchors for all Rd \link{} targets not in the
package itself and the base packages.
Flavors: r-devel-linux-x86_64-debian-clang, r-devel-linux-x86_64-debian-gcc, r-devel-windows-x86_64, r-patched-linux-x86_64, r-release-linux-x86_64, r-release-windows-x86_64
Version: 0.1.1
Check: CRAN incoming feasibility
Result: NOTE
Maintainer: ‘Cristiano Varin <cristiano.varin@unive.it>’
Package CITATION file contains call(s) to old-style personList() or
as.personList(). Please use c() on person objects instead.
Package CITATION file contains call(s) to old-style citEntry(). Please
use bibentry() instead.
Flavor: r-devel-linux-x86_64-debian-gcc