Last updated on 2025-11-12 19:51:53 CET.
| Flavor | Version | Tinstall | Tcheck | Ttotal | Status | Flags |
|---|---|---|---|---|---|---|
| r-devel-linux-x86_64-debian-clang | 1.5.2 | 58.08 | 179.30 | 237.38 | OK | |
| r-devel-linux-x86_64-debian-gcc | 1.5.2 | 41.92 | 134.18 | 176.10 | OK | |
| r-devel-linux-x86_64-fedora-clang | 1.5.2 | 280.00 | 140.05 | 420.05 | OK | |
| r-devel-linux-x86_64-fedora-gcc | 1.5.2 | 128.00 | 272.19 | 400.19 | OK | |
| r-devel-windows-x86_64 | 1.5.2 | 73.00 | 231.00 | 304.00 | OK | |
| r-patched-linux-x86_64 | 1.5.2 | 62.37 | 173.86 | 236.23 | OK | |
| r-release-linux-x86_64 | 1.5.2 | 60.62 | 175.21 | 235.83 | OK | |
| r-release-macos-arm64 | 1.5.2 | 27.00 | 81.00 | 108.00 | OK | |
| r-release-macos-x86_64 | 1.5.2 | 41.00 | 165.00 | 206.00 | OK | |
| r-release-windows-x86_64 | 1.5.2 | 72.00 | 234.00 | 306.00 | OK | |
| r-oldrel-macos-arm64 | 1.5.2 | 27.00 | 133.00 | 160.00 | NOTE | |
| r-oldrel-macos-x86_64 | 1.5.2 | 40.00 | 167.00 | 207.00 | NOTE | |
| r-oldrel-windows-x86_64 | 1.5.2 | 83.00 | 292.00 | 375.00 | NOTE |
Version: 1.5.2
Check: installed package size
Result: NOTE
installed size is 10.1Mb
sub-directories of 1Mb or more:
doc 1.9Mb
libs 5.8Mb
Flavors: r-oldrel-macos-arm64, r-oldrel-macos-x86_64, r-oldrel-windows-x86_64