CRAN Package Check Results for Package lazyWeave

Last updated on 2025-02-22 07:51:35 CET.

Flavor Version Tinstall Tcheck Ttotal Status Flags
r-devel-linux-x86_64-debian-clang 3.0.2 4.25 37.38 41.63 NOTE
r-devel-linux-x86_64-debian-gcc 3.0.2 3.87 27.06 30.93 NOTE
r-devel-linux-x86_64-fedora-clang 3.0.2 67.21 NOTE
r-devel-linux-x86_64-fedora-gcc 3.0.2 62.30 NOTE
r-devel-macos-arm64 3.0.2 24.00 NOTE
r-devel-macos-x86_64 3.0.2 37.00 NOTE
r-devel-windows-x86_64 3.0.2 5.00 68.00 73.00 NOTE
r-patched-linux-x86_64 3.0.2 11.91 35.60 47.51 NOTE
r-release-linux-x86_64 3.0.2 4.09 34.82 38.91 NOTE
r-release-macos-arm64 3.0.2 23.00 NOTE
r-release-macos-x86_64 3.0.2 33.00 NOTE
r-release-windows-x86_64 3.0.2 6.00 62.00 68.00 NOTE
r-oldrel-macos-arm64 3.0.2 27.00 OK
r-oldrel-macos-x86_64 3.0.2 35.00 OK
r-oldrel-windows-x86_64 3.0.2 10.00 72.00 82.00 OK

Check Details

Version: 3.0.2
Check: Rd files
Result: NOTE checkRd: (-1) univ.Rd:35: Lost braces in \enumerate; meant \describe ? checkRd: (-1) univ.Rd:36: Lost braces in \enumerate; meant \describe ? checkRd: (-1) univ.Rd:37: Lost braces in \enumerate; meant \describe ? checkRd: (-1) univ.Rd:38: Lost braces in \enumerate; meant \describe ? checkRd: (-1) univ.Rd:39: Lost braces in \enumerate; meant \describe ? checkRd: (-1) univ.Rd:40: Lost braces in \enumerate; meant \describe ? checkRd: (-1) univ.Rd:41: Lost braces in \enumerate; meant \describe ? checkRd: (-1) univ.Rd:42: Lost braces in \enumerate; meant \describe ? checkRd: (-1) univ.Rd:43: Lost braces in \enumerate; meant \describe ? checkRd: (-1) univ.Rd:44: Lost braces in \enumerate; meant \describe ? checkRd: (-1) univ.Rd:45: Lost braces in \enumerate; meant \describe ? checkRd: (-1) univ.Rd:46: Lost braces in \enumerate; meant \describe ? Flavors: r-devel-linux-x86_64-debian-clang, r-devel-linux-x86_64-debian-gcc, r-devel-linux-x86_64-fedora-clang, r-devel-linux-x86_64-fedora-gcc, r-devel-macos-arm64, r-devel-macos-x86_64, r-devel-windows-x86_64, r-patched-linux-x86_64, r-release-linux-x86_64, r-release-macos-arm64, r-release-macos-x86_64, r-release-windows-x86_64

Version: 3.0.2
Check: Rd cross-references
Result: NOTE Found the following Rd file(s) with Rd \link{} targets missing package anchors: lazy.footnote.Rd: latexTranslate Please provide package anchors for all Rd \link{} targets not in the package itself and the base packages. Flavors: r-devel-linux-x86_64-debian-clang, r-devel-linux-x86_64-debian-gcc, r-devel-windows-x86_64