CRAN Package Check Results for Package lcpm

Last updated on 2025-04-29 06:49:46 CEST.

Flavor Version Tinstall Tcheck Ttotal Status Flags
r-devel-linux-x86_64-debian-clang 0.1.1 6.96 57.76 64.72 NOTE
r-devel-linux-x86_64-debian-gcc 0.1.1 5.04 43.42 48.46 NOTE
r-devel-linux-x86_64-fedora-clang 0.1.1 100.84 NOTE
r-devel-linux-x86_64-fedora-gcc 0.1.1 96.84 NOTE
r-devel-windows-x86_64 0.1.1 7.00 74.00 81.00 NOTE
r-patched-linux-x86_64 0.1.1 6.10 56.30 62.40 NOTE
r-release-linux-x86_64 0.1.1 6.09 55.87 61.96 NOTE
r-release-macos-arm64 0.1.1 33.00 NOTE
r-release-macos-x86_64 0.1.1 60.00 NOTE
r-release-windows-x86_64 0.1.1 8.00 78.00 86.00 NOTE
r-oldrel-macos-arm64 0.1.1 32.00 NOTE
r-oldrel-macos-x86_64 0.1.1 78.00 NOTE
r-oldrel-windows-x86_64 0.1.1 10.00 89.00 99.00 NOTE

Check Details

Version: 0.1.1
Check: Rd files
Result: NOTE checkRd: (-1) lcpm.Rd:52: Lost braces; missing escapes or markup? 52 | \code{lcpm} provides the maximum likelihood estimate for ordinal outcomes (J>2 categories) and a Generalized Linear Model (GLM) with the log link without the assumption of proportionality. That is, lcpm determines the MLE for log[P(y <= j)]= cut_j + X beta_j subject to [cut_{j-1} + X beta_{j-1} <= cut_j + X beta_j] and [cut_j + X beta_j <=0]. This implementation uses \code{\link{constrOptim}} to determine the MLE and so the results account for the restricted parameter space. | ^ checkRd: (-1) lcpm.Rd:52: Lost braces; missing escapes or markup? 52 | \code{lcpm} provides the maximum likelihood estimate for ordinal outcomes (J>2 categories) and a Generalized Linear Model (GLM) with the log link without the assumption of proportionality. That is, lcpm determines the MLE for log[P(y <= j)]= cut_j + X beta_j subject to [cut_{j-1} + X beta_{j-1} <= cut_j + X beta_j] and [cut_j + X beta_j <=0]. This implementation uses \code{\link{constrOptim}} to determine the MLE and so the results account for the restricted parameter space. | ^ checkRd: (-1) ppm.Rd:51: Lost braces; missing escapes or markup? 51 | \code{ppm} provides the maximum likelihood estimate for ordinal outcomes (J>2 categories) and a Generalized Linear Model with the log link with the assumption of proportionality. That is, ppm determines the MLE for log[P(y <= j)]= cut_j + X beta subject to [cut_{j-1} <= cut_j ] and [cut_j + X beta <=0]. This implementation uses \code{\link{constrOptim}} to determine the MLE and so the results should correctly account for the restricted parameter space. A proposed test for proportionality is included in \code{\link{lcpm}}. | ^ Flavors: r-devel-linux-x86_64-debian-clang, r-devel-linux-x86_64-debian-gcc, r-devel-linux-x86_64-fedora-clang, r-devel-linux-x86_64-fedora-gcc, r-devel-windows-x86_64, r-patched-linux-x86_64, r-release-linux-x86_64, r-release-macos-arm64, r-release-macos-x86_64, r-release-windows-x86_64, r-oldrel-macos-arm64, r-oldrel-macos-x86_64, r-oldrel-windows-x86_64

Version: 0.1.1
Check: CRAN incoming feasibility
Result: NOTE Maintainer: ‘Gurbakhshash Singh <gsingh@ccsu.edu>’ No Authors@R field in DESCRIPTION. Please add one, modifying Authors@R: c(person(given = "Gurbakhshash", family = "Singh", role = c("aut", "cre"), email = "gsingh@ccsu.edu"), person(given = c("Gordon", "Hilton"), family = "Fick", role = "aut")) as necessary. Flavor: r-devel-linux-x86_64-debian-gcc

Version: 0.1.1
Check: LazyData
Result: NOTE 'LazyData' is specified without a 'data' directory Flavors: r-oldrel-macos-arm64, r-oldrel-macos-x86_64, r-oldrel-windows-x86_64