Last updated on 2025-11-11 07:51:35 CET.
| Flavor | Version | Tinstall | Tcheck | Ttotal | Status | Flags |
|---|---|---|---|---|---|---|
| r-devel-linux-x86_64-debian-clang | 9.2.6 | 35.31 | 141.07 | 176.38 | NOTE | |
| r-devel-linux-x86_64-debian-gcc | 9.2.6 | 24.33 | 97.52 | 121.85 | NOTE | |
| r-devel-linux-x86_64-fedora-clang | 9.2.6 | 132.00 | 154.13 | 286.13 | NOTE | |
| r-devel-linux-x86_64-fedora-gcc | 9.2.6 | 76.00 | 212.21 | 288.21 | NOTE | |
| r-devel-windows-x86_64 | 9.2.6 | 40.00 | 137.00 | 177.00 | NOTE | |
| r-patched-linux-x86_64 | 9.2.6 | 38.51 | 134.06 | 172.57 | OK | |
| r-release-linux-x86_64 | 9.2.6 | 36.22 | 135.16 | 171.38 | OK | |
| r-release-macos-arm64 | 9.2.6 | 22.00 | 127.00 | 149.00 | OK | |
| r-release-macos-x86_64 | 9.2.6 | 39.00 | 136.00 | 175.00 | OK | |
| r-release-windows-x86_64 | 9.2.6 | 40.00 | 137.00 | 177.00 | OK | |
| r-oldrel-macos-arm64 | 9.2.6 | 15.00 | 62.00 | 77.00 | OK | |
| r-oldrel-macos-x86_64 | 9.2.6 | 23.00 | 94.00 | 117.00 | OK | |
| r-oldrel-windows-x86_64 | 9.2.6 | 53.00 | 172.00 | 225.00 | OK |
Version: 9.2.6
Check: Rd files
Result: NOTE
checkRd: (-1) affirm.Rd:11-17: Only 4 columns allowed in this table (row 5 has 3)
checkRd: (-1) mexico.Rd:9-44: Only 4 columns allowed in this table (row 4 has 3)
checkRd: (-1) mexico.Rd:9-44: Only 4 columns allowed in this table (row 8 has 3)
checkRd: (-1) mexico.Rd:9-44: Only 4 columns allowed in this table (row 21 has 3)
checkRd: (-1) mis.Rd:11-27: Only 4 columns allowed in this table (row 6 has 3)
checkRd: (-1) multi.Rd:11-17: Only 4 columns allowed in this table (row 5 has 3)
checkRd: (-1) race.Rd:11-17: Only 4 columns allowed in this table (row 5 has 3)
Flavors: r-devel-linux-x86_64-debian-clang, r-devel-linux-x86_64-debian-gcc, r-devel-linux-x86_64-fedora-clang, r-devel-linux-x86_64-fedora-gcc, r-devel-windows-x86_64