Last updated on 2025-02-22 07:51:35 CET.
Flavor | Version | Tinstall | Tcheck | Ttotal | Status | Flags |
---|---|---|---|---|---|---|
r-devel-linux-x86_64-debian-clang | 0.1.0 | 1.57 | 27.14 | 28.71 | NOTE | |
r-devel-linux-x86_64-debian-gcc | 0.1.0 | 1.50 | 22.13 | 23.63 | NOTE | |
r-devel-linux-x86_64-fedora-clang | 0.1.0 | 47.13 | NOTE | |||
r-devel-linux-x86_64-fedora-gcc | 0.1.0 | 58.38 | NOTE | |||
r-devel-macos-arm64 | 0.1.0 | 30.00 | OK | |||
r-devel-macos-x86_64 | 0.1.0 | 47.00 | NOTE | |||
r-devel-windows-x86_64 | 0.1.0 | 3.00 | 55.00 | 58.00 | NOTE | |
r-patched-linux-x86_64 | 0.1.0 | 1.98 | 25.93 | 27.91 | OK | |
r-release-linux-x86_64 | 0.1.0 | 1.95 | 26.10 | 28.05 | OK | |
r-release-macos-arm64 | 0.1.0 | 25.00 | OK | |||
r-release-macos-x86_64 | 0.1.0 | 38.00 | OK | |||
r-release-windows-x86_64 | 0.1.0 | 4.00 | 56.00 | 60.00 | OK | |
r-oldrel-macos-arm64 | 0.1.0 | 25.00 | OK | |||
r-oldrel-macos-x86_64 | 0.1.0 | 33.00 | OK | |||
r-oldrel-windows-x86_64 | 0.1.0 | 4.00 | 56.00 | 60.00 | OK |
Version: 0.1.0
Check: DESCRIPTION meta-information
Result: NOTE
Missing dependency on R >= 4.1.0 because package code uses the pipe
|> or function shorthand \(...) syntax added in R 4.1.0.
File(s) using such syntax:
‘list_bind.R’
Flavors: r-devel-linux-x86_64-debian-clang, r-devel-linux-x86_64-debian-gcc, r-devel-linux-x86_64-fedora-clang, r-devel-linux-x86_64-fedora-gcc, r-devel-macos-x86_64, r-devel-windows-x86_64