Last updated on 2025-11-13 06:50:31 CET.
| Flavor | Version | Tinstall | Tcheck | Ttotal | Status | Flags |
|---|---|---|---|---|---|---|
| r-devel-linux-x86_64-debian-clang | 0.2-14 | 59.16 | 52.93 | 112.09 | OK | |
| r-devel-linux-x86_64-debian-gcc | 0.2-14 | 52.88 | 41.62 | 94.50 | OK | |
| r-devel-linux-x86_64-fedora-clang | 0.2-14 | 116.00 | 76.51 | 192.51 | NOTE | |
| r-devel-linux-x86_64-fedora-gcc | 0.2-14 | 211.00 | 10.30 | 221.30 | NOTE | |
| r-devel-windows-x86_64 | 0.2-14 | 110.00 | 227.00 | 337.00 | OK | |
| r-patched-linux-x86_64 | 0.2-14 | 71.08 | 50.60 | 121.68 | OK | |
| r-release-linux-x86_64 | 0.2-14 | 70.11 | 51.13 | 121.24 | OK | |
| r-release-macos-arm64 | 0.2-14 | 35.00 | 30.00 | 65.00 | OK | |
| r-release-macos-x86_64 | 0.2-14 | 30.00 | 59.00 | 89.00 | OK | |
| r-release-windows-x86_64 | 0.2-14 | 112.00 | 250.00 | 362.00 | OK | |
| r-oldrel-macos-arm64 | 0.2-14 | 31.00 | 28.00 | 59.00 | NOTE | |
| r-oldrel-macos-x86_64 | 0.2-14 | 26.00 | 37.00 | 63.00 | NOTE | |
| r-oldrel-windows-x86_64 | 0.2-14 | 123.00 | 302.00 | 425.00 | NOTE |
Version: 0.2-14
Check: tests
Result: NOTE
Running ‘azimuth.R’
Comparing ‘azimuth.Rout’ to ‘azimuth.Rout.save’ ... OK
Running ‘dist.R’
Comparing ‘dist.Rout’ to ‘dist.Rout.save’ ... OK
Running ‘geod.R’
Comparing ‘geod.Rout’ to ‘geod.Rout.save’ ... OK
Running ‘perimeter.R’
Comparing ‘perimeter.Rout’ to ‘perimeter.Rout.save’ ...9c9
< [1] 176215.7 149266.8 199587.9 375136.8 263512.7
---
> [1] 176214.9 149265.4 199586.8 375137.8 263512.6
12c12
< [1] 176215.7 149266.8 199587.9 375136.8 263512.7
---
> [1] 176214.9 149265.4 199586.8 375137.8 263512.6
Running ‘testthat.R’
Comparing ‘testthat.Rout’ to ‘testthat.Rout.save’ ... OK
Running ‘twkb.R’
Comparing ‘twkb.Rout’ to ‘twkb.Rout.save’ ... OK
Flavors: r-devel-linux-x86_64-fedora-clang, r-devel-linux-x86_64-fedora-gcc
Version: 0.2-14
Check: installed package size
Result: NOTE
installed size is 24.4Mb
sub-directories of 1Mb or more:
libs 24.2Mb
Flavors: r-oldrel-macos-arm64, r-oldrel-macos-x86_64, r-oldrel-windows-x86_64