Last updated on 2025-02-22 07:51:39 CET.
Flavor | Version | Tinstall | Tcheck | Ttotal | Status | Flags |
---|---|---|---|---|---|---|
r-devel-linux-x86_64-debian-clang | 1.0.7 | 2.11 | 38.33 | 40.44 | OK | |
r-devel-linux-x86_64-debian-gcc | 1.0.7 | 1.65 | 36.21 | 37.86 | OK | |
r-devel-linux-x86_64-fedora-clang | 1.0.7 | 95.73 | OK | |||
r-devel-linux-x86_64-fedora-gcc | 1.0.7 | 87.00 | OK | |||
r-devel-macos-arm64 | 1.0.7 | 22.00 | OK | |||
r-devel-macos-x86_64 | 1.0.7 | 53.00 | OK | |||
r-devel-windows-x86_64 | 1.0.7 | 4.00 | 71.00 | 75.00 | OK | |
r-patched-linux-x86_64 | 1.0.7 | 1.85 | 49.87 | 51.72 | OK | |
r-release-linux-x86_64 | 1.0.7 | 1.64 | 50.12 | 51.76 | OK | |
r-release-macos-arm64 | 1.0.7 | 27.00 | OK | |||
r-release-macos-x86_64 | 1.0.7 | 63.00 | OK | |||
r-release-windows-x86_64 | 1.0.7 | 3.00 | 72.00 | 75.00 | OK | |
r-oldrel-macos-arm64 | 1.0.7 | 30.00 | OK | |||
r-oldrel-macos-x86_64 | 1.0.7 | 34.00 | NOTE | |||
r-oldrel-windows-x86_64 | 1.0.7 | 4.00 | 82.00 | 86.00 | OK |
Version: 1.0.7
Check: package dependencies
Result: NOTE
Package suggested but not available for checking: ‘ICAMS’
Flavor: r-oldrel-macos-x86_64