Last updated on 2025-02-21 06:49:45 CET.
Flavor | Version | Tinstall | Tcheck | Ttotal | Status | Flags |
---|---|---|---|---|---|---|
r-devel-linux-x86_64-debian-clang | 0.4.0 | 39.86 | 303.95 | 343.81 | OK | |
r-devel-linux-x86_64-debian-gcc | 0.4.0 | 25.31 | 191.32 | 216.63 | OK | |
r-devel-linux-x86_64-fedora-clang | 0.4.0 | 551.56 | OK | |||
r-devel-linux-x86_64-fedora-gcc | 0.4.0 | 529.78 | OK | |||
r-devel-macos-arm64 | 0.4.0 | 117.00 | OK | |||
r-devel-macos-x86_64 | 0.4.0 | 277.00 | OK | |||
r-devel-windows-x86_64 | 0.4.0 | 35.00 | 242.00 | 277.00 | OK | |
r-patched-linux-x86_64 | 0.4.0 | 38.24 | 284.12 | 322.36 | NOTE | |
r-release-linux-x86_64 | 0.4.0 | 37.44 | 279.56 | 317.00 | NOTE | |
r-release-macos-arm64 | 0.4.0 | 111.00 | NOTE | |||
r-release-macos-x86_64 | 0.4.0 | 210.00 | NOTE | |||
r-release-windows-x86_64 | 0.4.0 | 36.00 | 246.00 | 282.00 | NOTE | |
r-oldrel-macos-arm64 | 0.4.0 | 115.00 | NOTE | |||
r-oldrel-macos-x86_64 | 0.4.0 | 282.00 | NOTE | |||
r-oldrel-windows-x86_64 | 0.4.0 | 47.00 | 313.00 | 360.00 | NOTE |
Version: 0.4.0
Check: package dependencies
Result: NOTE
Package suggested but not available for checking: ‘rnaturalearthhires’
Flavors: r-patched-linux-x86_64, r-release-linux-x86_64, r-release-macos-arm64, r-release-macos-x86_64, r-release-windows-x86_64, r-oldrel-macos-arm64, r-oldrel-macos-x86_64, r-oldrel-windows-x86_64