Last updated on 2025-11-14 06:50:11 CET.
| Flavor | Version | Tinstall | Tcheck | Ttotal | Status | Flags |
|---|---|---|---|---|---|---|
| r-devel-linux-x86_64-debian-clang | 0.6.0 | 23.45 | 28.22 | 51.67 | OK | |
| r-devel-linux-x86_64-debian-gcc | 0.6.0 | 20.58 | 22.73 | 43.31 | OK | |
| r-devel-linux-x86_64-fedora-clang | 0.6.0 | 53.00 | 30.88 | 83.88 | OK | |
| r-devel-linux-x86_64-fedora-gcc | 0.6.0 | 62.00 | 30.22 | 92.22 | OK | |
| r-devel-windows-x86_64 | 0.6.0 | 26.00 | 66.00 | 92.00 | OK | |
| r-patched-linux-x86_64 | 0.6.0 | 27.57 | 27.14 | 54.71 | OK | |
| r-release-linux-x86_64 | 0.6.0 | 26.13 | 26.70 | 52.83 | OK | |
| r-release-macos-arm64 | 0.6.0 | 11.00 | 19.00 | 30.00 | OK | |
| r-release-macos-x86_64 | 0.6.0 | 19.00 | 29.00 | 48.00 | OK | |
| r-release-windows-x86_64 | 0.6.0 | 29.00 | 70.00 | 99.00 | OK | |
| r-oldrel-macos-arm64 | 0.6.0 | 12.00 | 20.00 | 32.00 | NOTE | |
| r-oldrel-macos-x86_64 | 0.6.0 | 19.00 | 30.00 | 49.00 | NOTE | |
| r-oldrel-windows-x86_64 | 0.6.0 | 29.00 | 83.00 | 112.00 | NOTE |
Version: 0.6.0
Check: installed package size
Result: NOTE
installed size is 6.1Mb
sub-directories of 1Mb or more:
libs 6.0Mb
Flavors: r-oldrel-macos-arm64, r-oldrel-macos-x86_64
Version: 0.6.0
Check: for GNU extensions in Makefiles
Result: NOTE
GNU make is a SystemRequirements.
Flavors: r-oldrel-macos-arm64, r-oldrel-macos-x86_64, r-oldrel-windows-x86_64