Last updated on 2025-11-11 18:49:58 CET.
| Flavor | Version | Tinstall | Tcheck | Ttotal | Status | Flags |
|---|---|---|---|---|---|---|
| r-devel-linux-x86_64-debian-clang | 1.0.0 | 71.76 | 88.20 | 159.96 | OK | |
| r-devel-linux-x86_64-debian-gcc | 1.0.0 | 58.65 | 67.28 | 125.93 | OK | |
| r-devel-linux-x86_64-fedora-clang | 1.0.0 | 127.00 | 135.71 | 262.71 | OK | |
| r-devel-linux-x86_64-fedora-gcc | 1.0.0 | 116.00 | 154.68 | 270.68 | OK | |
| r-devel-windows-x86_64 | 1.0.0 | 79.00 | 109.00 | 188.00 | OK | |
| r-patched-linux-x86_64 | 1.0.0 | 84.82 | 90.46 | 175.28 | OK | |
| r-release-linux-x86_64 | 1.0.0 | 81.29 | 90.40 | 171.69 | OK | |
| r-release-macos-arm64 | 1.0.0 | 30.00 | 35.00 | 65.00 | OK | |
| r-release-macos-x86_64 | 1.0.0 | 52.00 | 81.00 | 133.00 | OK | |
| r-release-windows-x86_64 | 1.0.0 | 80.00 | 112.00 | 192.00 | OK | |
| r-oldrel-macos-arm64 | 1.0.0 | 31.00 | 41.00 | 72.00 | NOTE | |
| r-oldrel-macos-x86_64 | 1.0.0 | 55.00 | 86.00 | 141.00 | NOTE | |
| r-oldrel-windows-x86_64 | 1.0.0 | 95.00 | 144.00 | 239.00 | OK |
Version: 1.0.0
Check: installed package size
Result: NOTE
installed size is 26.2Mb
sub-directories of 1Mb or more:
libs 26.1Mb
Flavors: r-oldrel-macos-arm64, r-oldrel-macos-x86_64