Last updated on 2025-02-21 19:50:30 CET.
Flavor | Version | Tinstall | Tcheck | Ttotal | Status | Flags |
---|---|---|---|---|---|---|
r-devel-linux-x86_64-debian-clang | 0.10.0 | 115.28 | 236.01 | 351.29 | NOTE | |
r-devel-linux-x86_64-debian-gcc | 0.10.0 | 87.51 | 155.02 | 242.53 | NOTE | |
r-devel-linux-x86_64-fedora-clang | 0.10.0 | 614.21 | OK | |||
r-devel-linux-x86_64-fedora-gcc | 0.10.0 | 673.22 | OK | |||
r-devel-macos-arm64 | 0.10.0 | 149.00 | OK | |||
r-devel-macos-x86_64 | 0.10.0 | 228.00 | OK | |||
r-devel-windows-x86_64 | 0.10.0 | 126.00 | 289.00 | 415.00 | OK | |
r-patched-linux-x86_64 | 0.10.0 | 124.89 | 219.76 | 344.65 | NOTE | |
r-release-linux-x86_64 | 0.10.0 | 124.26 | 219.78 | 344.04 | NOTE | |
r-release-macos-arm64 | 0.10.0 | 91.00 | NOTE | |||
r-release-macos-x86_64 | 0.10.0 | 142.00 | NOTE | |||
r-release-windows-x86_64 | 0.10.0 | 125.00 | 290.00 | 415.00 | NOTE | |
r-oldrel-macos-arm64 | 0.10.0 | 280.00 | NOTE | |||
r-oldrel-macos-x86_64 | 0.10.0 | 358.00 | NOTE | |||
r-oldrel-windows-x86_64 | 0.10.0 | 148.00 | 331.00 | 479.00 | NOTE |
Version: 0.10.0
Check: for unstated dependencies in ‘demo’
Result: NOTE
'library' or 'require' calls not declared from:
‘MCMCpack’ ‘matlab’ ‘microbenchmark’
Flavors: r-devel-linux-x86_64-debian-clang, r-devel-linux-x86_64-debian-gcc
Version: 0.10.0
Check: for GNU extensions in Makefiles
Result: NOTE
GNU make is a SystemRequirements.
Flavors: r-patched-linux-x86_64, r-release-linux-x86_64, r-release-macos-arm64, r-release-macos-x86_64, r-release-windows-x86_64, r-oldrel-macos-arm64, r-oldrel-macos-x86_64, r-oldrel-windows-x86_64
Version: 0.10.0
Check: installed package size
Result: NOTE
installed size is 10.9Mb
sub-directories of 1Mb or more:
libs 9.3Mb
Flavors: r-release-macos-arm64, r-release-macos-x86_64, r-oldrel-macos-arm64, r-oldrel-macos-x86_64