Last updated on 2025-11-12 19:51:54 CET.
| Flavor | Version | Tinstall | Tcheck | Ttotal | Status | Flags |
|---|---|---|---|---|---|---|
| r-devel-linux-x86_64-debian-clang | 0.10.0 | 122.87 | 242.94 | 365.81 | NOTE | |
| r-devel-linux-x86_64-debian-gcc | 0.10.0 | 79.45 | 164.52 | 243.97 | NOTE | |
| r-devel-linux-x86_64-fedora-clang | 0.10.0 | 192.00 | 429.53 | 621.53 | OK | |
| r-devel-linux-x86_64-fedora-gcc | 0.10.0 | 233.00 | 367.79 | 600.79 | OK | |
| r-devel-windows-x86_64 | 0.10.0 | 138.00 | 290.00 | 428.00 | OK | |
| r-patched-linux-x86_64 | 0.10.0 | 129.86 | 233.09 | 362.95 | NOTE | |
| r-release-linux-x86_64 | 0.10.0 | 125.84 | 230.76 | 356.60 | NOTE | |
| r-release-macos-arm64 | 0.10.0 | 52.00 | 110.00 | 162.00 | OK | |
| r-release-macos-x86_64 | 0.10.0 | 44.00 | 199.00 | 243.00 | OK | |
| r-release-windows-x86_64 | 0.10.0 | 138.00 | 294.00 | 432.00 | OK | |
| r-oldrel-macos-arm64 | 0.10.0 | 23.00 | 68.00 | 91.00 | NOTE | |
| r-oldrel-macos-x86_64 | 0.10.0 | 21.00 | 121.00 | 142.00 | NOTE | |
| r-oldrel-windows-x86_64 | 0.10.0 | 163.00 | 363.00 | 526.00 | NOTE |
Version: 0.10.0
Check: for unstated dependencies in ‘demo’
Result: NOTE
'library' or 'require' calls not declared from:
‘MCMCpack’ ‘matlab’ ‘microbenchmark’
Flavors: r-devel-linux-x86_64-debian-clang, r-devel-linux-x86_64-debian-gcc, r-patched-linux-x86_64, r-release-linux-x86_64
Version: 0.10.0
Check: installed package size
Result: NOTE
installed size is 10.9Mb
sub-directories of 1Mb or more:
libs 9.3Mb
Flavors: r-oldrel-macos-arm64, r-oldrel-macos-x86_64
Version: 0.10.0
Check: for GNU extensions in Makefiles
Result: NOTE
GNU make is a SystemRequirements.
Flavors: r-oldrel-macos-arm64, r-oldrel-macos-x86_64, r-oldrel-windows-x86_64