CRAN Package Check Results for Package matlib

Last updated on 2025-02-21 19:50:30 CET.

Flavor Version Tinstall Tcheck Ttotal Status Flags
r-devel-linux-x86_64-debian-clang 1.0.0 10.45 123.89 134.34 NOTE
r-devel-linux-x86_64-debian-gcc 1.0.0 6.93 91.87 98.80 NOTE
r-devel-linux-x86_64-fedora-clang 1.0.0 209.08 NOTE
r-devel-linux-x86_64-fedora-gcc 1.0.0 236.04 NOTE
r-devel-macos-arm64 1.0.0 91.00 OK
r-devel-macos-x86_64 1.0.0 135.00 NOTE
r-devel-windows-x86_64 1.0.0 13.00 156.00 169.00 NOTE
r-patched-linux-x86_64 1.0.0 8.94 114.59 123.53 OK
r-release-linux-x86_64 1.0.0 8.29 114.20 122.49 OK
r-release-macos-arm64 1.0.0 75.00 OK
r-release-macos-x86_64 1.0.0 171.00 OK
r-release-windows-x86_64 1.0.0 12.00 152.00 164.00 OK
r-oldrel-macos-arm64 1.0.0 91.00 OK
r-oldrel-macos-x86_64 1.0.0 120.00 OK
r-oldrel-windows-x86_64 1.0.0 15.00 176.00 191.00 OK

Check Details

Version: 1.0.0
Check: DESCRIPTION meta-information
Result: NOTE Missing dependency on R >= 4.2.0 because package code uses the pipe placeholder syntax added in R 4.2.0. File(s) using such syntax: ‘latexMatrix.R’ Flavors: r-devel-linux-x86_64-debian-clang, r-devel-linux-x86_64-debian-gcc, r-devel-linux-x86_64-fedora-clang, r-devel-linux-x86_64-fedora-gcc, r-devel-windows-x86_64

Version: 1.0.0
Check: DESCRIPTION meta-information
Result: NOTE Missing dependency on R >= 4.1.0 because package code uses the pipe |> or function shorthand \(...) syntax added in R 4.1.0. File(s) using such syntax: ‘latexMatrix.R’ Flavor: r-devel-macos-x86_64