Last updated on 2025-11-15 07:50:11 CET.
| Flavor | Version | Tinstall | Tcheck | Ttotal | Status | Flags |
|---|---|---|---|---|---|---|
| r-devel-linux-x86_64-debian-clang | 0.2.0 | 15.63 | 124.98 | 140.61 | OK | |
| r-devel-linux-x86_64-debian-gcc | 0.2.0 | 11.36 | 93.02 | 104.38 | OK | |
| r-devel-linux-x86_64-fedora-clang | 0.2.0 | 34.00 | 196.39 | 230.39 | NOTE | |
| r-devel-linux-x86_64-fedora-gcc | 0.2.0 | 34.00 | 195.05 | 229.05 | NOTE | |
| r-devel-windows-x86_64 | 0.2.0 | 17.00 | 128.00 | 145.00 | OK | |
| r-patched-linux-x86_64 | 0.2.0 | 13.95 | 120.51 | 134.46 | OK | |
| r-release-linux-x86_64 | 0.2.0 | 14.64 | 123.55 | 138.19 | OK | |
| r-release-macos-arm64 | 0.2.0 | 6.00 | 56.00 | 62.00 | OK | |
| r-release-macos-x86_64 | 0.2.0 | 12.00 | 108.00 | 120.00 | OK | |
| r-release-windows-x86_64 | 0.2.0 | 16.00 | 124.00 | 140.00 | OK | |
| r-oldrel-macos-arm64 | 0.2.0 | 7.00 | 61.00 | 68.00 | OK | |
| r-oldrel-macos-x86_64 | 0.2.0 | 11.00 | 101.00 | 112.00 | OK | |
| r-oldrel-windows-x86_64 | 0.2.0 | 21.00 | 163.00 | 184.00 | OK |
Version: 0.2.0
Check: dependencies in R code
Result: NOTE
Namespace in Imports field not imported from: ‘formatR’
All declared Imports should be used.
Flavors: r-devel-linux-x86_64-fedora-clang, r-devel-linux-x86_64-fedora-gcc