Last updated on 2025-02-22 07:51:36 CET.
Flavor | Version | Tinstall | Tcheck | Ttotal | Status | Flags |
---|---|---|---|---|---|---|
r-devel-linux-x86_64-debian-clang | 0.1-11 | 24.94 | 224.84 | 249.78 | NOTE | |
r-devel-linux-x86_64-debian-gcc | 0.1-11 | 17.10 | 143.27 | 160.37 | NOTE | |
r-devel-linux-x86_64-fedora-clang | 0.1-11 | 397.82 | OK | |||
r-devel-linux-x86_64-fedora-gcc | 0.1-11 | 429.15 | OK | |||
r-devel-macos-arm64 | 0.1-11 | 80.00 | OK | |||
r-devel-macos-x86_64 | 0.1-11 | 244.00 | OK | |||
r-devel-windows-x86_64 | 0.1-11 | 23.00 | 183.00 | 206.00 | NOTE | |
r-patched-linux-x86_64 | 0.1-11 | 27.64 | 208.08 | 235.72 | OK | |
r-release-linux-x86_64 | 0.1-11 | 21.81 | 206.44 | 228.25 | OK | |
r-release-macos-arm64 | 0.1-11 | 80.00 | OK | |||
r-release-macos-x86_64 | 0.1-11 | 152.00 | OK | |||
r-release-windows-x86_64 | 0.1-11 | 23.00 | 173.00 | 196.00 | OK | |
r-oldrel-macos-arm64 | 0.1-11 | 87.00 | OK | |||
r-oldrel-macos-x86_64 | 0.1-11 | 262.00 | OK | |||
r-oldrel-windows-x86_64 | 0.1-11 | 32.00 | 244.00 | 276.00 | OK |
Version: 0.1-11
Check: Rd cross-references
Result: NOTE
Found the following Rd file(s) with Rd \link{} targets missing package
anchors:
carw.Rd: raster
maxlike-package.Rd: raster
maxlike.Rd: raster-package, raster
Please provide package anchors for all Rd \link{} targets not in the
package itself and the base packages.
Flavors: r-devel-linux-x86_64-debian-clang, r-devel-linux-x86_64-debian-gcc, r-devel-windows-x86_64