Last updated on 2025-02-21 06:49:47 CET.
Flavor | Version | Tinstall | Tcheck | Ttotal | Status | Flags |
---|---|---|---|---|---|---|
r-devel-linux-x86_64-debian-clang | 0.7.8 | 92.16 | 334.17 | 426.33 | OK | |
r-devel-linux-x86_64-debian-gcc | 0.7.8 | 68.83 | 230.73 | 299.56 | OK | |
r-devel-linux-x86_64-fedora-clang | 0.7.8 | 703.87 | OK | |||
r-devel-linux-x86_64-fedora-gcc | 0.7.8 | 804.52 | OK | |||
r-devel-macos-arm64 | 0.7.8 | 191.00 | OK | |||
r-devel-macos-x86_64 | 0.7.8 | 400.00 | OK | |||
r-devel-windows-x86_64 | 0.7.8 | 94.00 | 346.00 | 440.00 | OK | |
r-patched-linux-x86_64 | 0.7.8 | 96.69 | 320.91 | 417.60 | OK | |
r-release-linux-x86_64 | 0.7.8 | 95.05 | 321.59 | 416.64 | OK | |
r-release-macos-arm64 | 0.7.8 | 196.00 | NOTE | |||
r-release-macos-x86_64 | 0.7.8 | 348.00 | NOTE | |||
r-release-windows-x86_64 | 0.7.8 | 95.00 | 349.00 | 444.00 | OK | |
r-oldrel-macos-arm64 | 0.7.8 | 186.00 | NOTE | |||
r-oldrel-macos-x86_64 | 0.7.8 | 386.00 | NOTE | |||
r-oldrel-windows-x86_64 | 0.7.8 | 118.00 | 457.00 | 575.00 | OK |
Version: 0.7.8
Check: installed package size
Result: NOTE
installed size is 21.3Mb
sub-directories of 1Mb or more:
R 2.0Mb
libs 18.8Mb
Flavors: r-release-macos-arm64, r-release-macos-x86_64, r-oldrel-macos-arm64, r-oldrel-macos-x86_64