CRAN Package Check Results for Package mederrRank

Last updated on 2025-04-29 06:49:47 CEST.

Flavor Version Tinstall Tcheck Ttotal Status Flags
r-devel-linux-x86_64-debian-clang 0.1.0 3.97 33.39 37.36 NOTE
r-devel-linux-x86_64-debian-gcc 0.1.0 3.01 25.84 28.85 NOTE
r-devel-linux-x86_64-fedora-clang 0.1.0 59.14 NOTE
r-devel-linux-x86_64-fedora-gcc 0.1.0 57.56 NOTE
r-devel-windows-x86_64 0.1.0 4.00 59.00 63.00 NOTE
r-patched-linux-x86_64 0.1.0 4.86 33.16 38.02 NOTE
r-release-linux-x86_64 0.1.0 3.69 32.62 36.31 NOTE
r-release-macos-arm64 0.1.0 23.00 NOTE
r-release-macos-x86_64 0.1.0 37.00 NOTE
r-release-windows-x86_64 0.1.0 5.00 59.00 64.00 NOTE
r-oldrel-macos-arm64 0.1.0 19.00 NOTE
r-oldrel-macos-x86_64 0.1.0 30.00 NOTE
r-oldrel-windows-x86_64 0.1.0 5.00 63.00 68.00 NOTE

Check Details

Version: 0.1.0
Check: Rd files
Result: NOTE checkRd: (-1) bhm.mcmc.Rd:37: Lost braces; missing escapes or markup? 37 | where \eqn{N_{ij}} denotes the number of times that the error profile \eqn{i} is cited on a report from hospital {j} and \eqn{y_{ij}} is the corresponding number of times that profile \eqn{i} in hospital \eqn{j} was reported with harm. | ^ Flavors: r-devel-linux-x86_64-debian-clang, r-devel-linux-x86_64-debian-gcc, r-devel-linux-x86_64-fedora-clang, r-devel-linux-x86_64-fedora-gcc, r-devel-windows-x86_64, r-patched-linux-x86_64, r-release-linux-x86_64, r-release-macos-arm64, r-release-macos-x86_64, r-release-windows-x86_64, r-oldrel-macos-arm64, r-oldrel-macos-x86_64, r-oldrel-windows-x86_64

Version: 0.1.0
Check: CRAN incoming feasibility
Result: NOTE Maintainer: ‘Sergio Venturini <sergio.venturini@unicatt.it>’ No Authors@R field in DESCRIPTION. Please add one, modifying Authors@R: c(person(given = "Sergio", family = "Venturini", role = c("aut", "cre"), email = "sergio.venturini@unicatt.it"), person(given = "Jessica", family = "Myers", role = "aut")) as necessary. Flavor: r-devel-linux-x86_64-debian-gcc