Last updated on 2025-02-22 07:51:39 CET.
Flavor | Version | Tinstall | Tcheck | Ttotal | Status | Flags |
---|---|---|---|---|---|---|
r-devel-linux-x86_64-debian-clang | 1.0.0 | 6.18 | 48.85 | 55.03 | OK | |
r-devel-linux-x86_64-debian-gcc | 1.0.0 | 4.87 | 36.43 | 41.30 | OK | |
r-devel-linux-x86_64-fedora-clang | 1.0.0 | 86.14 | OK | |||
r-devel-linux-x86_64-fedora-gcc | 1.0.0 | 89.48 | OK | |||
r-devel-macos-arm64 | 1.0.0 | 28.00 | OK | |||
r-devel-macos-x86_64 | 1.0.0 | 48.00 | OK | |||
r-devel-windows-x86_64 | 1.0.0 | 7.00 | 62.00 | 69.00 | OK | |
r-patched-linux-x86_64 | 1.0.0 | 6.06 | 47.25 | 53.31 | NOTE | |
r-release-linux-x86_64 | 1.0.0 | 6.28 | 45.59 | 51.87 | NOTE | |
r-release-macos-arm64 | 1.0.0 | 27.00 | NOTE | |||
r-release-macos-x86_64 | 1.0.0 | 66.00 | NOTE | |||
r-release-windows-x86_64 | 1.0.0 | 7.00 | 62.00 | 69.00 | NOTE | |
r-oldrel-macos-arm64 | 1.0.0 | 29.00 | NOTE | |||
r-oldrel-macos-x86_64 | 1.0.0 | 48.00 | NOTE | |||
r-oldrel-windows-x86_64 | 1.0.0 | 6.00 | 70.00 | 76.00 | NOTE |
Version: 1.0.0
Check: LazyData
Result: NOTE
'LazyData' is specified without a 'data' directory
Flavors: r-patched-linux-x86_64, r-release-linux-x86_64, r-release-macos-arm64, r-release-macos-x86_64, r-release-windows-x86_64, r-oldrel-macos-arm64, r-oldrel-macos-x86_64, r-oldrel-windows-x86_64