Last updated on 2025-07-03 07:50:41 CEST.
Flavor | Version | Tinstall | Tcheck | Ttotal | Status | Flags |
---|---|---|---|---|---|---|
r-devel-linux-x86_64-debian-clang | 1.2.1 | 17.22 | 174.35 | 191.57 | OK | |
r-devel-linux-x86_64-debian-gcc | 1.2.1 | 11.64 | 124.49 | 136.13 | OK | |
r-devel-linux-x86_64-fedora-clang | 1.2.1 | 295.31 | OK | |||
r-devel-linux-x86_64-fedora-gcc | 1.2.1 | 299.52 | OK | |||
r-devel-windows-x86_64 | 1.2.1 | 19.00 | 178.00 | 197.00 | OK | |
r-patched-linux-x86_64 | 1.2.1 | 15.61 | 163.16 | 178.77 | OK | |
r-release-linux-x86_64 | 1.2.1 | 16.71 | 164.04 | 180.75 | OK | |
r-release-macos-arm64 | 1.2.1 | 89.00 | OK | |||
r-release-macos-x86_64 | 1.2.1 | 189.00 | OK | |||
r-release-windows-x86_64 | 1.2.1 | 18.00 | 175.00 | 193.00 | OK | |
r-oldrel-macos-arm64 | 1.2.1 | 95.00 | NOTE | |||
r-oldrel-macos-x86_64 | 1.2.1 | 192.00 | NOTE | |||
r-oldrel-windows-x86_64 | 1.2.1 | 26.00 | 231.00 | 257.00 | NOTE |
Version: 1.2.1
Check: installed package size
Result: NOTE
installed size is 5.2Mb
sub-directories of 1Mb or more:
data 4.2Mb
Flavors: r-oldrel-macos-arm64, r-oldrel-macos-x86_64, r-oldrel-windows-x86_64