CRAN Package Check Results for Package metamer

Last updated on 2025-07-03 07:50:41 CEST.

Flavor Version Tinstall Tcheck Ttotal Status Flags
r-devel-linux-x86_64-debian-clang 0.3.0 2.96 32.61 35.57 OK
r-devel-linux-x86_64-debian-gcc 0.3.0 2.06 26.16 28.22 OK
r-devel-linux-x86_64-fedora-clang 0.3.0 54.18 NOTE
r-devel-linux-x86_64-fedora-gcc 0.3.0 56.32 NOTE
r-devel-windows-x86_64 0.3.0 4.00 53.00 57.00 OK
r-patched-linux-x86_64 0.3.0 3.21 30.88 34.09 OK
r-release-linux-x86_64 0.3.0 2.33 30.55 32.88 OK
r-release-macos-arm64 0.3.0 24.00 OK
r-release-macos-x86_64 0.3.0 39.00 OK
r-release-windows-x86_64 0.3.0 4.00 53.00 57.00 OK
r-oldrel-macos-arm64 0.3.0 22.00 OK
r-oldrel-macos-x86_64 0.3.0 31.00 OK
r-oldrel-windows-x86_64 0.3.0 6.00 61.00 67.00 OK

Check Details

Version: 0.3.0
Check: dependencies in R code
Result: NOTE Namespace in Imports field not imported from: ‘progress’ All declared Imports should be used. Flavors: r-devel-linux-x86_64-fedora-clang, r-devel-linux-x86_64-fedora-gcc