Last updated on 2025-02-22 07:51:39 CET.
Flavor | Version | Tinstall | Tcheck | Ttotal | Status | Flags |
---|---|---|---|---|---|---|
r-devel-linux-x86_64-debian-clang | 1.2 | 12.63 | 155.10 | 167.73 | OK | |
r-devel-linux-x86_64-debian-gcc | 1.2 | 8.24 | 104.60 | 112.84 | OK | |
r-devel-linux-x86_64-fedora-clang | 1.2 | 267.53 | NOTE | |||
r-devel-linux-x86_64-fedora-gcc | 1.2 | 290.71 | NOTE | |||
r-devel-macos-arm64 | 1.2 | 77.00 | OK | |||
r-devel-macos-x86_64 | 1.2 | 140.00 | OK | |||
r-devel-windows-x86_64 | 1.2 | 14.00 | 160.00 | 174.00 | OK | |
r-patched-linux-x86_64 | 1.2 | 11.73 | 143.70 | 155.43 | OK | |
r-release-linux-x86_64 | 1.2 | 11.79 | 146.37 | 158.16 | OK | |
r-release-macos-arm64 | 1.2 | 76.00 | OK | |||
r-release-macos-x86_64 | 1.2 | 112.00 | OK | |||
r-release-windows-x86_64 | 1.2 | 14.00 | 151.00 | 165.00 | OK | |
r-oldrel-macos-arm64 | 1.2 | 90.00 | OK | |||
r-oldrel-macos-x86_64 | 1.2 | 125.00 | NOTE | |||
r-oldrel-windows-x86_64 | 1.2 | 20.00 | 193.00 | 213.00 | OK |
Version: 1.2
Check: dependencies in R code
Result: NOTE
Namespace in Imports field not imported from: ‘lmerTest’
All declared Imports should be used.
Flavors: r-devel-linux-x86_64-fedora-clang, r-devel-linux-x86_64-fedora-gcc
Version: 1.2
Check: package dependencies
Result: NOTE
Package suggested but not available for checking: ‘caret’
Flavor: r-oldrel-macos-x86_64