Last updated on 2025-10-22 07:50:22 CEST.
Flavor | Version | Tinstall | Tcheck | Ttotal | Status | Flags |
---|---|---|---|---|---|---|
r-devel-linux-x86_64-debian-clang | 1.0.1 | 11.56 | 161.52 | 173.08 | NOTE | |
r-devel-linux-x86_64-debian-gcc | 1.0.1 | 8.79 | 114.34 | 123.13 | NOTE | |
r-devel-linux-x86_64-fedora-clang | 1.0.1 | 30.00 | 241.22 | 271.22 | OK | |
r-devel-linux-x86_64-fedora-gcc | 1.0.1 | 26.00 | 237.89 | 263.89 | OK | |
r-devel-windows-x86_64 | 1.0.1 | 13.00 | 163.00 | 176.00 | OK | |
r-patched-linux-x86_64 | 1.0.1 | 12.63 | 149.83 | 162.46 | OK | |
r-release-linux-x86_64 | 1.0.1 | 12.09 | 152.02 | 164.11 | OK | |
r-release-macos-arm64 | 1.0.1 | 6.00 | 66.00 | 72.00 | OK | |
r-release-macos-x86_64 | 1.0.1 | 10.00 | 122.00 | 132.00 | OK | |
r-release-windows-x86_64 | 1.0.1 | 13.00 | 164.00 | 177.00 | OK | |
r-oldrel-macos-arm64 | 1.0.1 | 4.00 | 74.00 | 78.00 | OK | |
r-oldrel-macos-x86_64 | 1.0.1 | 11.00 | 142.00 | 153.00 | OK | |
r-oldrel-windows-x86_64 | 1.0.1 | 18.00 | 204.00 | 222.00 | OK |
Version: 1.0.1
Check: HTML version of manual
Result: NOTE
Found the following HTML validation problems:
ensure_length.html:54:1 (ensure_length.Rd:14): Warning: missing </ul> before </div>
Flavors: r-devel-linux-x86_64-debian-clang, r-devel-linux-x86_64-debian-gcc