Last updated on 2025-02-21 19:50:33 CET.
Flavor | Version | Tinstall | Tcheck | Ttotal | Status | Flags |
---|---|---|---|---|---|---|
r-devel-linux-x86_64-debian-clang | 0.1.0 | 123.34 | 160.18 | 283.52 | NOTE | |
r-devel-linux-x86_64-debian-gcc | 0.1.0 | 117.96 | 124.56 | 242.52 | NOTE | |
r-devel-linux-x86_64-fedora-clang | 0.1.0 | 447.94 | NOTE | |||
r-devel-linux-x86_64-fedora-gcc | 0.1.0 | 533.20 | NOTE | |||
r-devel-macos-arm64 | 0.1.0 | 122.00 | OK | |||
r-devel-macos-x86_64 | 0.1.0 | 304.00 | NOTE | |||
r-devel-windows-x86_64 | 0.1.0 | 128.00 | 194.00 | 322.00 | NOTE | |
r-patched-linux-x86_64 | 0.1.0 | 148.03 | 162.65 | 310.68 | NOTE | |
r-release-linux-x86_64 | 0.1.0 | 150.44 | 164.92 | 315.36 | NOTE | |
r-release-macos-arm64 | 0.1.0 | 70.00 | NOTE | |||
r-release-macos-x86_64 | 0.1.0 | 127.00 | NOTE | |||
r-release-windows-x86_64 | 0.1.0 | 130.00 | 191.00 | 321.00 | NOTE | |
r-oldrel-macos-arm64 | 0.1.0 | 177.00 | NOTE | |||
r-oldrel-macos-x86_64 | 0.1.0 | 308.00 | NOTE | |||
r-oldrel-windows-x86_64 | 0.1.0 | 163.00 | 236.00 | 399.00 | NOTE |
Version: 0.1.0
Check: DESCRIPTION meta-information
Result: NOTE
Missing dependency on R >= 4.1.0 because package code uses the pipe
|> or function shorthand \(...) syntax added in R 4.1.0.
File(s) using such syntax:
‘estimate.R’ ‘formula.R’ ‘toy_data.R’
Flavors: r-devel-linux-x86_64-debian-clang, r-devel-linux-x86_64-debian-gcc, r-devel-linux-x86_64-fedora-clang, r-devel-linux-x86_64-fedora-gcc, r-devel-macos-x86_64, r-devel-windows-x86_64
Version: 0.1.0
Check: for GNU extensions in Makefiles
Result: NOTE
GNU make is a SystemRequirements.
Flavors: r-patched-linux-x86_64, r-release-linux-x86_64, r-release-macos-arm64, r-release-macos-x86_64, r-release-windows-x86_64, r-oldrel-macos-arm64, r-oldrel-macos-x86_64, r-oldrel-windows-x86_64
Version: 0.1.0
Check: installed package size
Result: NOTE
installed size is 42.4Mb
sub-directories of 1Mb or more:
libs 41.9Mb
Flavors: r-release-macos-arm64, r-release-macos-x86_64, r-oldrel-macos-arm64, r-oldrel-macos-x86_64