Last updated on 2025-02-22 07:51:39 CET.
Flavor | Version | Tinstall | Tcheck | Ttotal | Status | Flags |
---|---|---|---|---|---|---|
r-devel-linux-x86_64-debian-clang | 0.1.0 | 7.97 | 83.03 | 91.00 | NOTE | |
r-devel-linux-x86_64-debian-gcc | 0.1.0 | 5.37 | 60.19 | 65.56 | NOTE | |
r-devel-linux-x86_64-fedora-clang | 0.1.0 | 141.77 | NOTE | |||
r-devel-linux-x86_64-fedora-gcc | 0.1.0 | 150.75 | NOTE | |||
r-devel-macos-arm64 | 0.1.0 | 51.00 | OK | |||
r-devel-macos-x86_64 | 0.1.0 | 92.00 | NOTE | |||
r-devel-windows-x86_64 | 0.1.0 | 11.00 | 106.00 | 117.00 | NOTE | |
r-patched-linux-x86_64 | 0.1.0 | 7.31 | 76.03 | 83.34 | OK | |
r-release-linux-x86_64 | 0.1.0 | 7.28 | 77.07 | 84.35 | OK | |
r-release-macos-arm64 | 0.1.0 | 55.00 | OK | |||
r-release-macos-x86_64 | 0.1.0 | 81.00 | OK | |||
r-release-windows-x86_64 | 0.1.0 | 10.00 | 102.00 | 112.00 | OK | |
r-oldrel-macos-arm64 | 0.1.0 | 58.00 | OK | |||
r-oldrel-macos-x86_64 | 0.1.0 | 86.00 | OK | |||
r-oldrel-windows-x86_64 | 0.1.0 | 12.00 | 122.00 | 134.00 | OK |
Version: 0.1.0
Check: DESCRIPTION meta-information
Result: NOTE
Missing dependency on R >= 4.1.0 because package code uses the pipe
|> or function shorthand \(...) syntax added in R 4.1.0.
File(s) using such syntax:
‘nest_cv.R’ ‘top_perc.R’
Flavors: r-devel-linux-x86_64-debian-clang, r-devel-linux-x86_64-debian-gcc, r-devel-linux-x86_64-fedora-clang, r-devel-linux-x86_64-fedora-gcc, r-devel-macos-x86_64, r-devel-windows-x86_64