Last updated on 2025-11-03 21:50:27 CET.
| Flavor | Version | Tinstall | Tcheck | Ttotal | Status | Flags | 
|---|---|---|---|---|---|---|
| r-devel-linux-x86_64-debian-clang | 0.1.11 | 128.62 | 32.77 | 161.39 | NOTE | |
| r-devel-linux-x86_64-debian-gcc | 0.1.11 | 81.65 | 25.44 | 107.09 | NOTE | |
| r-devel-linux-x86_64-fedora-clang | 0.1.11 | 241.00 | 59.42 | 300.42 | NOTE | |
| r-devel-linux-x86_64-fedora-gcc | 0.1.11 | 268.00 | 10.56 | 278.56 | NOTE | |
| r-devel-windows-x86_64 | 0.1.11 | 136.00 | 69.00 | 205.00 | NOTE | |
| r-patched-linux-x86_64 | 0.1.11 | 124.15 | 31.31 | 155.46 | OK | |
| r-release-linux-x86_64 | 0.1.11 | 123.21 | 31.01 | 154.22 | OK | |
| r-release-macos-arm64 | 0.1.11 | 37.00 | 18.00 | 55.00 | OK | |
| r-release-macos-x86_64 | 0.1.11 | 43.00 | 34.00 | 77.00 | OK | |
| r-release-windows-x86_64 | 0.1.11 | 120.00 | 69.00 | 189.00 | OK | |
| r-oldrel-macos-arm64 | 0.1.11 | 37.00 | 22.00 | 59.00 | NOTE | |
| r-oldrel-macos-x86_64 | 0.1.11 | 38.00 | 44.00 | 82.00 | NOTE | |
| r-oldrel-windows-x86_64 | 0.1.11 | 156.00 | 90.00 | 246.00 | OK | 
Version: 0.1.11
Check: Rd files
Result: NOTE
  checkRd: (-1) mixedBayes-package.Rd:11-17: Only 2 columns allowed in this table (row 2 has 1)
  checkRd: (-1) mixedBayes-package.Rd:11-17: Only 2 columns allowed in this table (row 4 has 1)
  checkRd: (-1) mixedBayes-package.Rd:11-17: Only 2 columns allowed in this table (row 6 has 1)
  checkRd: (-1) mixedBayes-package.Rd:11-17: Only 2 columns allowed in this table (row 8 has 1)
Flavors: r-devel-linux-x86_64-debian-clang, r-devel-linux-x86_64-debian-gcc, r-devel-linux-x86_64-fedora-clang, r-devel-linux-x86_64-fedora-gcc, r-devel-windows-x86_64
Version: 0.1.11
Check: installed package size
Result: NOTE
    installed size is  7.1Mb
    sub-directories of 1Mb or more:
      libs   7.0Mb
Flavors: r-oldrel-macos-arm64, r-oldrel-macos-x86_64