Last updated on 2025-11-04 07:50:00 CET.
| Flavor | Version | Tinstall | Tcheck | Ttotal | Status | Flags |
|---|---|---|---|---|---|---|
| r-devel-linux-x86_64-debian-clang | 1.2.1 | 1.96 | 26.06 | 28.02 | OK | |
| r-devel-linux-x86_64-debian-gcc | 1.2.1 | 1.52 | 19.25 | 20.77 | OK | |
| r-devel-linux-x86_64-fedora-clang | 1.2.1 | 42.46 | OK | |||
| r-devel-linux-x86_64-fedora-gcc | 1.2.1 | 40.15 | OK | |||
| r-devel-windows-x86_64 | 1.2.1 | 6.00 | 45.00 | 51.00 | OK | |
| r-patched-linux-x86_64 | 1.2.1 | 2.00 | 24.57 | 26.57 | OK | |
| r-release-linux-x86_64 | 1.2.1 | 1.95 | 24.57 | 26.52 | OK | |
| r-release-macos-arm64 | 1.2.1 | 1.00 | 16.00 | 17.00 | OK | |
| r-release-macos-x86_64 | 1.2.1 | 2.00 | 25.00 | 27.00 | OK | |
| r-release-windows-x86_64 | 1.2.1 | 4.00 | 43.00 | 47.00 | OK | |
| r-oldrel-macos-arm64 | 1.2.1 | 1.00 | 15.00 | 16.00 | NOTE | |
| r-oldrel-macos-x86_64 | 1.2.1 | 2.00 | 21.00 | 23.00 | NOTE | |
| r-oldrel-windows-x86_64 | 1.2.1 | 4.00 | 44.00 | 48.00 | NOTE |
Version: 1.2.1
Check: LazyData
Result: NOTE
'LazyData' is specified without a 'data' directory
Flavors: r-oldrel-macos-arm64, r-oldrel-macos-x86_64, r-oldrel-windows-x86_64