Last updated on 2025-11-11 07:51:37 CET.
| Flavor | Version | Tinstall | Tcheck | Ttotal | Status | Flags |
|---|---|---|---|---|---|---|
| r-devel-linux-x86_64-debian-clang | 1.0.0 | 821.99 | 210.75 | 1032.74 | OK | |
| r-devel-linux-x86_64-debian-gcc | 1.0.0 | 693.50 | 193.53 | 887.03 | OK | |
| r-devel-linux-x86_64-fedora-clang | 1.0.0 | 1380.00 | 39.00 | 1419.00 | OK | |
| r-devel-linux-x86_64-fedora-gcc | 1.0.0 | 2280.00 | -265.93 | 2014.07 | OK | |
| r-devel-windows-x86_64 | 1.0.0 | 739.00 | 260.00 | 999.00 | OK | |
| r-patched-linux-x86_64 | 1.0.0 | 879.25 | 261.73 | 1140.98 | OK | |
| r-release-linux-x86_64 | 1.0.0 | 896.85 | 260.02 | 1156.87 | OK | |
| r-release-macos-arm64 | 1.0.0 | 308.00 | 75.00 | 383.00 | OK | |
| r-release-macos-x86_64 | 1.0.0 | 383.00 | 140.00 | 523.00 | OK | |
| r-release-windows-x86_64 | 1.0.0 | 700.00 | 264.00 | 964.00 | OK | |
| r-oldrel-macos-arm64 | 1.0.0 | 153.00 | 51.00 | 204.00 | NOTE | |
| r-oldrel-macos-x86_64 | 1.0.0 | 121.00 | 86.00 | 207.00 | NOTE | |
| r-oldrel-windows-x86_64 | 1.0.0 | 870.00 | 349.00 | 1219.00 | NOTE |
Version: 1.0.0
Check: installed package size
Result: NOTE
installed size is 134.8Mb
sub-directories of 1Mb or more:
doc 1.2Mb
libs 132.7Mb
Flavors: r-oldrel-macos-arm64, r-oldrel-macos-x86_64, r-oldrel-windows-x86_64
Version: 1.0.0
Check: for GNU extensions in Makefiles
Result: NOTE
GNU make is a SystemRequirements.
Flavors: r-oldrel-macos-arm64, r-oldrel-macos-x86_64, r-oldrel-windows-x86_64