Last updated on 2025-02-22 07:51:39 CET.
Flavor | Version | Tinstall | Tcheck | Ttotal | Status | Flags |
---|---|---|---|---|---|---|
r-devel-linux-x86_64-debian-clang | 2.1.7 | 6.53 | 67.53 | 74.06 | NOTE | |
r-devel-linux-x86_64-debian-gcc | 2.1.7 | 4.33 | 47.29 | 51.62 | NOTE | |
r-devel-linux-x86_64-fedora-clang | 2.1.7 | 115.76 | OK | |||
r-devel-linux-x86_64-fedora-gcc | 2.1.7 | 105.43 | OK | |||
r-devel-macos-arm64 | 2.1.7 | 34.00 | OK | |||
r-devel-macos-x86_64 | 2.1.7 | 71.00 | OK | |||
r-devel-windows-x86_64 | 2.1.7 | 7.00 | 79.00 | 86.00 | NOTE | |
r-patched-linux-x86_64 | 2.1.7 | 6.71 | 61.82 | 68.53 | OK | |
r-release-linux-x86_64 | 2.1.7 | 6.44 | 61.36 | 67.80 | OK | |
r-release-macos-arm64 | 2.1.7 | 35.00 | OK | |||
r-release-macos-x86_64 | 2.1.7 | 85.00 | OK | |||
r-release-windows-x86_64 | 2.1.7 | 8.00 | 80.00 | 88.00 | OK | |
r-oldrel-macos-arm64 | 2.1.7 | 45.00 | OK | |||
r-oldrel-macos-x86_64 | 2.1.7 | 65.00 | OK | |||
r-oldrel-windows-x86_64 | 2.1.7 | 10.00 | 95.00 | 105.00 | OK |
Version: 2.1.7
Check: Rd cross-references
Result: NOTE
Found the following Rd file(s) with Rd \link{} targets missing package
anchors:
nlmeModel.Rd: nlme
Please provide package anchors for all Rd \link{} targets not in the
package itself and the base packages.
Flavors: r-devel-linux-x86_64-debian-clang, r-devel-linux-x86_64-debian-gcc, r-devel-windows-x86_64