Last updated on 2025-02-22 07:51:39 CET.
Flavor | Version | Tinstall | Tcheck | Ttotal | Status | Flags |
---|---|---|---|---|---|---|
r-devel-linux-x86_64-debian-clang | 0.1.3 | 2.89 | 31.50 | 34.39 | OK | |
r-devel-linux-x86_64-debian-gcc | 0.1.3 | 2.42 | 25.35 | 27.77 | OK | |
r-devel-linux-x86_64-fedora-clang | 0.1.3 | 58.55 | OK | |||
r-devel-linux-x86_64-fedora-gcc | 0.1.3 | 55.52 | OK | |||
r-devel-macos-arm64 | 0.1.3 | 4.00 | ERROR | |||
r-devel-macos-x86_64 | 0.1.3 | 5.00 | ERROR | |||
r-devel-windows-x86_64 | 0.1.3 | 4.00 | 49.00 | 53.00 | OK | |
r-patched-linux-x86_64 | 0.1.3 | 2.78 | 30.16 | 32.94 | OK | |
r-release-linux-x86_64 | 0.1.3 | 2.81 | 31.07 | 33.88 | OK | |
r-release-macos-arm64 | 0.1.3 | 10.00 | ERROR | |||
r-release-macos-x86_64 | 0.1.3 | 12.00 | ERROR | |||
r-release-windows-x86_64 | 0.1.3 | 4.00 | 51.00 | 55.00 | OK | |
r-oldrel-macos-arm64 | 0.1.3 | 9.00 | ERROR | |||
r-oldrel-macos-x86_64 | 0.1.3 | 11.00 | ERROR | |||
r-oldrel-windows-x86_64 | 0.1.3 | 5.00 | 58.00 | 63.00 | OK |
Version: 0.1.3
Check: package dependencies
Result: ERROR
Package required but not available: ‘doMPI’
See section ‘The DESCRIPTION file’ in the ‘Writing R Extensions’
manual.
Flavors: r-devel-macos-arm64, r-devel-macos-x86_64, r-release-macos-arm64, r-release-macos-x86_64, r-oldrel-macos-arm64, r-oldrel-macos-x86_64