Last updated on 2025-10-31 19:58:16 CET.
| Flavor | Version | Tinstall | Tcheck | Ttotal | Status | Flags | 
|---|---|---|---|---|---|---|
| r-devel-linux-x86_64-debian-clang | 1.0.4 | 176.84 | 167.43 | 344.27 | OK | |
| r-devel-linux-x86_64-debian-gcc | 1.0.4 | 114.12 | 110.31 | 224.43 | OK | |
| r-devel-linux-x86_64-fedora-clang | 1.0.4 | 503.00 | 115.10 | 618.10 | OK | |
| r-devel-linux-x86_64-fedora-gcc | 1.0.4 | 720.00 | -95.12 | 624.88 | OK | |
| r-devel-windows-x86_64 | 1.0.4 | 178.00 | 182.00 | 360.00 | OK | |
| r-patched-linux-x86_64 | 1.0.4 | 173.70 | 153.45 | 327.15 | OK | |
| r-release-linux-x86_64 | 1.0.4 | 178.00 | 154.72 | 332.72 | OK | |
| r-release-macos-arm64 | 1.0.4 | 76.00 | 89.00 | 165.00 | OK | |
| r-release-macos-x86_64 | 1.0.4 | 89.00 | 175.00 | 264.00 | OK | |
| r-release-windows-x86_64 | 1.0.4 | 205.00 | 178.00 | 383.00 | OK | |
| r-oldrel-macos-arm64 | 1.0.4 | 59.00 | 65.00 | 124.00 | NOTE | |
| r-oldrel-macos-x86_64 | 1.0.4 | 97.00 | 190.00 | 287.00 | NOTE | |
| r-oldrel-windows-x86_64 | 1.0.4 | 162.00 | 227.00 | 389.00 | OK | 
Version: 1.0.4
Check: installed package size
Result: NOTE
    installed size is 11.9Mb
    sub-directories of 1Mb or more:
      libs  10.8Mb
Flavors: r-oldrel-macos-arm64, r-oldrel-macos-x86_64