CRAN Package Check Results for Package modelgrid

Last updated on 2025-11-15 07:50:12 CET.

Flavor Version Tinstall Tcheck Ttotal Status Flags
r-devel-linux-x86_64-debian-clang 1.2.0 14.61 141.03 155.64 NOTE
r-devel-linux-x86_64-debian-gcc 1.2.0 9.85 101.36 111.21 NOTE
r-devel-linux-x86_64-fedora-clang 1.2.0 34.00 212.66 246.66 OK
r-devel-linux-x86_64-fedora-gcc 1.2.0 29.00 274.82 303.82 OK
r-devel-windows-x86_64 1.2.0 19.00 141.00 160.00 NOTE
r-patched-linux-x86_64 1.2.0 13.32 134.49 147.81 NOTE
r-release-linux-x86_64 1.2.0 14.05 132.83 146.88 NOTE
r-release-macos-arm64 1.2.0 7.00 90.00 97.00 OK
r-release-macos-x86_64 1.2.0 11.00 156.00 167.00 OK
r-release-windows-x86_64 1.2.0 14.00 136.00 150.00 NOTE
r-oldrel-macos-arm64 1.2.0 6.00 92.00 98.00 OK
r-oldrel-macos-x86_64 1.2.0 9.00 123.00 132.00 OK
r-oldrel-windows-x86_64 1.2.0 19.00 183.00 202.00 OK

Check Details

Version: 1.2.0
Check: Rd cross-references
Result: NOTE Found the following Rd file(s) with Rd \link{} targets missing package anchors: model_grid.Rd: train Please provide package anchors for all Rd \link{} targets not in the package itself and the base packages. Flavors: r-devel-linux-x86_64-debian-clang, r-devel-linux-x86_64-debian-gcc, r-devel-windows-x86_64, r-patched-linux-x86_64, r-release-linux-x86_64, r-release-windows-x86_64