Last updated on 2024-06-04 18:47:54 CEST.
Flavor | Version | Tinstall | Tcheck | Ttotal | Status | Flags |
---|---|---|---|---|---|---|
r-devel-linux-x86_64-debian-clang | 0.2.2 | 7.32 | 39.04 | 46.36 | OK | |
r-devel-linux-x86_64-debian-gcc | 0.2.2 | 4.57 | 30.38 | 34.95 | OK | |
r-devel-linux-x86_64-fedora-clang | 0.2.2 | 54.96 | NOTE | |||
r-devel-linux-x86_64-fedora-gcc | 0.2.2 | 51.82 | OK | |||
r-devel-windows-x86_64 | 0.2.2 | 7.00 | 50.00 | 57.00 | NOTE | |
r-patched-linux-x86_64 | 0.2.2 | 8.88 | 37.13 | 46.01 | OK | |
r-release-linux-x86_64 | 0.2.2 | 8.21 | 38.23 | 46.44 | OK | |
r-release-macos-arm64 | 0.2.2 | 20.00 | NOTE | |||
r-release-windows-x86_64 | 0.2.2 | 6.00 | 50.00 | 56.00 | NOTE | |
r-oldrel-macos-arm64 | 0.2.2 | 25.00 | NOTE | |||
r-oldrel-macos-x86_64 | 0.2.2 | 29.00 | NOTE | |||
r-oldrel-windows-x86_64 | 0.2.2 | 9.00 | 59.00 | 68.00 | NOTE |
Version: 0.2.2
Check: installed package size
Result: NOTE
installed size is 14.9Mb
sub-directories of 1Mb or more:
htmlwidgets 14.7Mb
Flavors: r-devel-linux-x86_64-fedora-clang, r-devel-windows-x86_64, r-release-macos-arm64, r-release-windows-x86_64, r-oldrel-macos-arm64, r-oldrel-macos-x86_64, r-oldrel-windows-x86_64