Last updated on 2025-10-22 07:50:23 CEST.
Flavor | Version | Tinstall | Tcheck | Ttotal | Status | Flags |
---|---|---|---|---|---|---|
r-devel-linux-x86_64-debian-clang | 0.1.8 | 23.30 | 58.19 | 81.49 | OK | |
r-devel-linux-x86_64-debian-gcc | 0.1.8 | 21.42 | 49.17 | 70.59 | OK | |
r-devel-linux-x86_64-fedora-clang | 0.1.8 | 65.00 | 62.87 | 127.87 | OK | |
r-devel-linux-x86_64-fedora-gcc | 0.1.8 | 62.00 | 69.50 | 131.50 | OK | |
r-devel-windows-x86_64 | 0.1.8 | 50.00 | 91.00 | 141.00 | OK | |
r-patched-linux-x86_64 | 0.1.8 | 28.60 | 57.96 | 86.56 | OK | |
r-release-linux-x86_64 | 0.1.8 | 26.18 | 58.03 | 84.21 | OK | |
r-release-macos-arm64 | 0.1.8 | 11.00 | 33.00 | 44.00 | OK | |
r-release-macos-x86_64 | 0.1.8 | 13.00 | 59.00 | 72.00 | OK | |
r-release-windows-x86_64 | 0.1.8 | 58.00 | 90.00 | 148.00 | OK | |
r-oldrel-macos-arm64 | 0.1.8 | 9.00 | 37.00 | 46.00 | NOTE | |
r-oldrel-macos-x86_64 | 0.1.8 | 11.00 | 76.00 | 87.00 | NOTE | |
r-oldrel-windows-x86_64 | 0.1.8 | 65.00 | 109.00 | 174.00 | NOTE |
Version: 0.1.8
Check: for GNU extensions in Makefiles
Result: NOTE
GNU make is a SystemRequirements.
Flavors: r-oldrel-macos-arm64, r-oldrel-macos-x86_64, r-oldrel-windows-x86_64