CRAN Package Check Results for Package mthapower

Last updated on 2025-02-22 07:51:39 CET.

Flavor Version Tinstall Tcheck Ttotal Status Flags
r-devel-linux-x86_64-debian-clang 0.1.1 1.48 16.29 17.77 OK
r-devel-linux-x86_64-debian-gcc 0.1.1 1.27 13.40 14.67 OK
r-devel-linux-x86_64-fedora-clang 0.1.1 29.10 OK
r-devel-linux-x86_64-fedora-gcc 0.1.1 27.01 OK
r-devel-macos-arm64 0.1.1 15.00 OK
r-devel-macos-x86_64 0.1.1 25.00 OK
r-devel-windows-x86_64 0.1.1 2.00 40.00 42.00 OK
r-patched-linux-x86_64 0.1.1 1.57 15.65 17.22 NOTE
r-release-linux-x86_64 0.1.1 1.52 15.36 16.88 NOTE
r-release-macos-arm64 0.1.1 13.00 NOTE
r-release-macos-x86_64 0.1.1 22.00 NOTE
r-release-windows-x86_64 0.1.1 2.00 38.00 40.00 NOTE
r-oldrel-macos-arm64 0.1.1 16.00 NOTE
r-oldrel-macos-x86_64 0.1.1 19.00 NOTE
r-oldrel-windows-x86_64 0.1.1 2.00 38.00 40.00 NOTE

Check Details

Version: 0.1.1
Check: LazyData
Result: NOTE 'LazyData' is specified without a 'data' directory Flavors: r-patched-linux-x86_64, r-release-linux-x86_64, r-release-macos-arm64, r-release-macos-x86_64, r-release-windows-x86_64, r-oldrel-macos-arm64, r-oldrel-macos-x86_64, r-oldrel-windows-x86_64