Last updated on 2025-02-22 07:51:40 CET.
Flavor | Version | Tinstall | Tcheck | Ttotal | Status | Flags |
---|---|---|---|---|---|---|
r-devel-linux-x86_64-debian-clang | 0.1.1 | 18.29 | 211.65 | 229.94 | NOTE | |
r-devel-linux-x86_64-debian-gcc | 0.1.1 | 13.84 | 148.33 | 162.17 | NOTE | |
r-devel-linux-x86_64-fedora-clang | 0.1.1 | 364.00 | OK | |||
r-devel-linux-x86_64-fedora-gcc | 0.1.1 | 352.97 | OK | |||
r-devel-macos-arm64 | 0.1.1 | 100.00 | OK | |||
r-devel-macos-x86_64 | 0.1.1 | 188.00 | OK | |||
r-devel-windows-x86_64 | 0.1.1 | 19.00 | 194.00 | 213.00 | NOTE | |
r-patched-linux-x86_64 | 0.1.1 | 26.81 | 191.81 | 218.62 | NOTE | |
r-release-linux-x86_64 | 0.1.1 | 16.03 | 192.37 | 208.40 | NOTE | |
r-release-macos-arm64 | 0.1.1 | 102.00 | NOTE | |||
r-release-macos-x86_64 | 0.1.1 | 143.00 | NOTE | |||
r-release-windows-x86_64 | 0.1.1 | 20.00 | 191.00 | 211.00 | NOTE | |
r-oldrel-macos-arm64 | 0.1.1 | 110.00 | NOTE | |||
r-oldrel-macos-x86_64 | 0.1.1 | 174.00 | NOTE | |||
r-oldrel-windows-x86_64 | 0.1.1 | 25.00 | 251.00 | 276.00 | NOTE |
Version: 0.1.1
Check: Rd cross-references
Result: NOTE
Found the following Rd file(s) with Rd \link{} targets missing package
anchors:
modelDiagnostics.lme.Rd: testDistribution
modelDiagnostics.merMod.Rd: testDistribution
Please provide package anchors for all Rd \link{} targets not in the
package itself and the base packages.
Flavors: r-devel-linux-x86_64-debian-clang, r-devel-linux-x86_64-debian-gcc, r-devel-windows-x86_64
Version: 0.1.1
Check: LazyData
Result: NOTE
'LazyData' is specified without a 'data' directory
Flavors: r-patched-linux-x86_64, r-release-linux-x86_64, r-release-macos-arm64, r-release-macos-x86_64, r-release-windows-x86_64, r-oldrel-macos-arm64, r-oldrel-macos-x86_64, r-oldrel-windows-x86_64