Last updated on 2025-02-21 06:49:48 CET.
Flavor | Version | Tinstall | Tcheck | Ttotal | Status | Flags |
---|---|---|---|---|---|---|
r-devel-linux-x86_64-debian-clang | 0.7.2 | 1540.40 | 432.92 | 1973.32 | OK | |
r-devel-linux-x86_64-debian-gcc | 0.7.2 | 1320.17 | 384.78 | 1704.95 | OK | |
r-devel-linux-x86_64-fedora-clang | 0.7.2 | 2875.02 | OK | |||
r-devel-linux-x86_64-fedora-gcc | 0.7.2 | 3921.31 | OK | |||
r-devel-macos-arm64 | 0.7.2 | 825.00 | OK | |||
r-devel-macos-x86_64 | 0.7.2 | 1095.00 | OK | |||
r-devel-windows-x86_64 | 0.7.2 | 1283.00 | 514.00 | 1797.00 | OK | |
r-patched-linux-x86_64 | 0.7.2 | 1798.18 | 526.72 | 2324.90 | NOTE | |
r-release-linux-x86_64 | 0.7.2 | 1617.79 | 523.80 | 2141.59 | NOTE | |
r-release-macos-arm64 | 0.7.2 | 420.00 | NOTE | |||
r-release-macos-x86_64 | 0.7.2 | 458.00 | NOTE | |||
r-release-windows-x86_64 | 0.7.2 | 1217.00 | 503.00 | 1720.00 | NOTE | |
r-oldrel-macos-arm64 | 0.7.2 | 810.00 | NOTE | |||
r-oldrel-macos-x86_64 | 0.7.2 | 1019.00 | NOTE | |||
r-oldrel-windows-x86_64 | 0.7.2 | 1768.00 | 651.00 | 2419.00 | NOTE |
Version: 0.7.2
Check: for GNU extensions in Makefiles
Result: NOTE
GNU make is a SystemRequirements.
Flavors: r-patched-linux-x86_64, r-release-linux-x86_64, r-release-macos-arm64, r-release-macos-x86_64, r-release-windows-x86_64, r-oldrel-macos-arm64, r-oldrel-macos-x86_64, r-oldrel-windows-x86_64
Version: 0.7.2
Check: installed package size
Result: NOTE
installed size is 271.0Mb
sub-directories of 1Mb or more:
R 2.0Mb
doc 4.2Mb
libs 264.0Mb
Flavors: r-release-macos-arm64, r-release-macos-x86_64, r-release-windows-x86_64, r-oldrel-macos-arm64, r-oldrel-macos-x86_64, r-oldrel-windows-x86_64